{"id":1283,"date":"2025-03-07T13:00:36","date_gmt":"2025-03-07T11:00:36","guid":{"rendered":"https:\/\/com47276.wordpress.com\/?page_id=489"},"modified":"2025-03-07T13:00:36","modified_gmt":"2025-03-07T11:00:36","slug":"referaat-2-2","status":"publish","type":"page","link":"https:\/\/oleksandraryshniak24.thkit.ee\/wp1\/rus\/referaat-2-2\/","title":{"rendered":"Referaat Roobotika"},"content":{"rendered":"\n<h2 class=\"wp-block-heading\">Referaat Roobotika<\/h2>\n\n\n\n<h4 class=\"wp-block-heading has-large-font-size\">Ajalugu<\/h4>\n\n\n\n<p style=\"font-style:normal;font-weight:600\">Robotitehnika ajalugu ulatub kaugele minevikku, kui ideed mehaaniliste olendite ja automaatide kohta tekkisid juba antiikajal. Esimesed kontseptsioonid mehaaniliste olendite loomiseks t\u00f6\u00f6tati v\u00e4lja juba vanas Roomas. Tuntud itaalia leiutaja Leonardo da Vinci l\u00f5i 15. sajandi l\u00f5pus mehaanilise r\u00fc\u00fctli joonised, mis oli esimene samm robotite loomise suunas. 20. sajandi alguses tutvustas kirjanik Karel \u010capek oma n\u00e4idendis &#171;R.U.R.&#187; m\u00f5istet &#171;robot&#187;, mis t\u00e4hendas mehaanilisi t\u00f6\u00f6tegijaid.<\/p>\n\n\n\n<p style=\"font-style:normal;font-weight:600\">T\u00f6\u00f6stusrevolutsiooni ajal, 19. ja 20. sajandi alguses, tekkisid esimesed automatiseeritud seadmed. 1956. aastal tutvustati esimest t\u00f6\u00f6stuslikku robotit Unimate, mis sai aluseks robotite kasutamisele t\u00f6\u00f6stusprotsessides.<\/p>\n\n\n\n<h4 class=\"wp-block-heading has-large-font-size\"><strong>T\u00f6\u00f6 printsiip<\/strong><\/h4>\n\n\n\n<p style=\"font-style:normal;font-weight:600\">Robotid t\u00f6\u00f6tavad tavaliselt kindlate \u00fclesannete t\u00e4itmiseks, milleks nad on programmeeritud v\u00f5i \u00f5petatud. Paljud robotid kasutavad sensoreid, mis aitavad neil \u00fcmbritsevat keskkonda tajuda ja muutustele reageerida. N\u00e4iteks v\u00f5ivad robotid m\u00f5\u00f5ta temperatuuri, j\u00e4lgida liikumist v\u00f5i reageerida valgusele. Robotite t\u00e4pset liikumist ja tegevusi kontrollib tarkvara ja tehisintellekt, mis v\u00f5imaldab neil kohanduda ja \u00f5ppida.<\/p>\n\n\n\n<h4 class=\"wp-block-heading has-large-font-size\"><strong>Roboti loomise eesm\u00e4rk<\/strong><\/h4>\n\n\n\n<p style=\"font-style:normal;font-weight:600\">Robotite loomise eesm\u00e4rk on asendada inimest ohtlikes, keerukates v\u00f5i v\u00e4sitavates t\u00f6\u00f6tingimustes ning t\u00e4ita \u00fclesandeid, mis on inimese jaoks liiga keerulised. N\u00e4iteks kasutatakse roboteid t\u00f6\u00f6stuses masinate kokkupanemiseks, keevitamiseks ja pakendamiseks, et tagada t\u00f6\u00f6 kiirus ja t\u00e4psus.<\/p>\n\n\n\n<p style=\"font-style:normal;font-weight:600\">M\u00f5ned robotid on loodud igap\u00e4evaelu lihtsustamiseks, n\u00e4iteks robot-tolmuimejad, mis puhastavad ruume, v\u00f5i robot-abimehed, kes toimetavad toitu. Samuti on olemas laborirobotid, mis aitavad teadlastel katseid l\u00e4bi viia.<\/p>\n\n\n\n<h4 class=\"wp-block-heading has-large-font-size\"><strong>Kasutamine<\/strong><\/h4>\n\n\n\n<p style=\"font-style:normal;font-weight:600\">T\u00e4na on robotid laialdaselt kasutusel erinevates valdkondades. T\u00f6\u00f6stuses on robotid muutunud lahutamatuks osaks tootmisliinidest, kus nad t\u00e4idavad keerulisi ja korduvaid \u00fclesandeid. Meditsiinis kasutatakse roboteid t\u00e4psete operatsioonide tegemiseks, n\u00e4iteks kirurgiline s\u00fcsteem da Vinci aitab arstidel teha operatsioone suure t\u00e4psusega.<\/p>\n\n\n\n<p style=\"font-style:normal;font-weight:600\">Lisaks t\u00f6\u00f6stusele ja meditsiinile leiavad robotid rakendust kosmoseuuringutes, p\u00f5llumajanduses ja teenindussektoris, kus nad t\u00e4idavad erinevaid \u00fclesandeid, nagu klienditeenindus ja tehniliste t\u00f6\u00f6de tegemine.<\/p>\n\n\n\n<h4 class=\"wp-block-heading has-large-font-size\"><strong>Positiivsed ja negatiivsed momendid<\/strong><\/h4>\n\n\n\n<p style=\"font-style:normal;font-weight:600\">Positiivsed momendid:<\/p>\n\n\n\n<ul class=\"wp-block-list\">\n<li style=\"font-style:normal;font-weight:600\"><strong>Kiirus ja t\u00e4psus<\/strong>: Robotid t\u00e4idavad \u00fclesandeid palju kiiremini ja t\u00e4psemalt kui inimesed.<\/li>\n\n\n\n<li style=\"font-style:normal;font-weight:600\"><strong>Ohutus<\/strong>: Robotid saavad t\u00f6\u00f6tada ohtlikes tingimustes, n\u00e4iteks tuumaelektrijaamades v\u00f5i keemilistes tehastes.<\/li>\n\n\n\n<li style=\"font-style:normal;font-weight:600\"><strong>Kulude kokkuhoid<\/strong>: Kuigi robotite algkulud v\u00f5ivad olla k\u00f5rged, aitavad need s\u00e4\u00e4sta raha pikaajaliselt, kuna nad ei vaja puhkust ja saavad t\u00f6\u00f6tada \u00f6\u00f6p\u00e4evaringselt.<\/li>\n<\/ul>\n\n\n\n<p style=\"font-style:normal;font-weight:600\">Negatiivsed momendid:<\/p>\n\n\n\n<ul class=\"wp-block-list\">\n<li style=\"font-style:normal;font-weight:600\"><strong>T\u00f6\u00f6kohad kaovad<\/strong>: Automatiseerimine v\u00f5ib viia t\u00f6\u00f6kohtade kadumiseni, kuna robotid asendavad inimesi tootmises.<\/li>\n\n\n\n<li style=\"font-style:normal;font-weight:600\"><strong>K\u00f5rge hind<\/strong>: Kuigi pikaajaline kasu on suur, v\u00f5ivad robotite algkuld olla \u00fcsna suured.<\/li>\n\n\n\n<li style=\"font-style:normal;font-weight:600\"><strong>\u00dcksildus ja s\u00f5ltuvus tehnoloogiast<\/strong>: Liigne robotite kasutamine v\u00f5ib viia s\u00f5ltuvuse tekkimiseni tehnoloogiast ja v\u00e4hendada inimestevahelisi sotsiaalseid kontakte.<\/li>\n<\/ul>\n\n\n\n<h4 class=\"wp-block-heading has-large-font-size\"><strong>Robotitehnika tulevik<\/strong><\/h4>\n\n\n\n<p style=\"font-style:normal;font-weight:600\">Robotid arenevad j\u00e4tkuvalt. Tehisintellekt ja masin\u00f5pe v\u00f5imaldavad robotitel muutuda \u00fcha keerukamaks, suutes t\u00e4ita \u00fclesandeid, mis varem olid ainult inimese jaoks kergesti kergesti ligip\u00e4\u00e4setavad. Oodatakse, et tulevikus saavad robotid t\u00f6\u00f6tada autonoomselt k\u00f5ige erinevamas valdkondades &#8212; meditsiinist kuni kosmoseuuringuteni.<\/p>\n\n\n\n<figure class=\"wp-block-embed is-type-video is-provider-youtube wp-block-embed-youtube wp-embed-aspect-16-9 wp-has-aspect-ratio\"><div class=\"wp-block-embed__wrapper\">\n<div class=\"embed-youtube\"><iframe loading=\"lazy\" title=\"Robots for Healthcare\" width=\"500\" height=\"281\" src=\"https:\/\/www.youtube.com\/embed\/2TcmjL6ZQzc?feature=oembed\" frameborder=\"0\" allow=\"accelerometer; autoplay; clipboard-write; encrypted-media; gyroscope; picture-in-picture; web-share\" referrerpolicy=\"strict-origin-when-cross-origin\" allowfullscreen><\/iframe><\/div>\n<\/div><\/figure>\n","protected":false},"excerpt":{"rendered":"<p>Referaat Roobotika Ajalugu Robotitehnika ajalugu ulatub kaugele minevikku, kui ideed mehaaniliste olendite ja automaatide kohta tekkisid juba antiikajal. Esimesed kontseptsioonid [&hellip;]<\/p>\n","protected":false},"author":1,"featured_media":0,"parent":0,"menu_order":0,"comment_status":"closed","ping_status":"closed","template":"page-with-title","meta":{"footnotes":""},"class_list":["post-1283","page","type-page","status-publish","hentry"],"yoast_head":"<!-- This site is optimized with the Yoast SEO plugin v27.4 - https:\/\/yoast.com\/product\/yoast-seo-wordpress\/ -->\n<title>Referaat Roobotika - Oleksandra Ryshniak Portfoolio<\/title>\n<meta name=\"robots\" content=\"index, follow, max-snippet:-1, max-image-preview:large, max-video-preview:-1\" \/>\n<link rel=\"canonical\" href=\"https:\/\/oleksandraryshniak24.thkit.ee\/wp1\/rus\/referaat-2-2\/\" \/>\n<meta property=\"og:locale\" content=\"ru_RU\" \/>\n<meta property=\"og:type\" content=\"article\" \/>\n<meta property=\"og:title\" content=\"Referaat Roobotika - Oleksandra Ryshniak Portfoolio\" \/>\n<meta property=\"og:description\" content=\"Referaat Roobotika Ajalugu Robotitehnika ajalugu ulatub kaugele minevikku, kui ideed mehaaniliste olendite ja automaatide kohta tekkisid juba antiikajal. Esimesed kontseptsioonid [&hellip;]\" \/>\n<meta property=\"og:url\" content=\"https:\/\/oleksandraryshniak24.thkit.ee\/wp1\/rus\/referaat-2-2\/\" \/>\n<meta property=\"og:site_name\" content=\"Oleksandra Ryshniak Portfoolio\" \/>\n<meta name=\"twitter:card\" content=\"summary_large_image\" \/>\n<meta name=\"twitter:label1\" content=\"\u041f\u0440\u0438\u043c\u0435\u0440\u043d\u043e\u0435 \u0432\u0440\u0435\u043c\u044f \u0434\u043b\u044f \u0447\u0442\u0435\u043d\u0438\u044f\" \/>\n\t<meta name=\"twitter:data1\" content=\"2 \u043c\u0438\u043d\u0443\u0442\u044b\" \/>\n<script type=\"application\/ld+json\" class=\"yoast-schema-graph\">{\"@context\":\"https:\\\/\\\/schema.org\",\"@graph\":[{\"@type\":\"WebPage\",\"@id\":\"https:\\\/\\\/oleksandraryshniak24.thkit.ee\\\/wp1\\\/rus\\\/referaat-2-2\\\/\",\"url\":\"https:\\\/\\\/oleksandraryshniak24.thkit.ee\\\/wp1\\\/rus\\\/referaat-2-2\\\/\",\"name\":\"Referaat Roobotika - Oleksandra Ryshniak Portfoolio\",\"isPartOf\":{\"@id\":\"https:\\\/\\\/oleksandraryshniak24.thkit.ee\\\/wp1\\\/rus\\\/#website\"},\"datePublished\":\"2025-03-07T11:00:36+00:00\",\"breadcrumb\":{\"@id\":\"https:\\\/\\\/oleksandraryshniak24.thkit.ee\\\/wp1\\\/rus\\\/referaat-2-2\\\/#breadcrumb\"},\"inLanguage\":\"ru-RU\",\"potentialAction\":[{\"@type\":\"ReadAction\",\"target\":[\"https:\\\/\\\/oleksandraryshniak24.thkit.ee\\\/wp1\\\/rus\\\/referaat-2-2\\\/\"]}]},{\"@type\":\"BreadcrumbList\",\"@id\":\"https:\\\/\\\/oleksandraryshniak24.thkit.ee\\\/wp1\\\/rus\\\/referaat-2-2\\\/#breadcrumb\",\"itemListElement\":[{\"@type\":\"ListItem\",\"position\":1,\"name\":\"Home\",\"item\":\"https:\\\/\\\/oleksandraryshniak24.thkit.ee\\\/wp1\\\/rus\\\/\"},{\"@type\":\"ListItem\",\"position\":2,\"name\":\"Referaat Roobotika\"}]},{\"@type\":\"WebSite\",\"@id\":\"https:\\\/\\\/oleksandraryshniak24.thkit.ee\\\/wp1\\\/rus\\\/#website\",\"url\":\"https:\\\/\\\/oleksandraryshniak24.thkit.ee\\\/wp1\\\/rus\\\/\",\"name\":\"Oleksandra Ryshniak Portfoolio\",\"description\":\"\",\"potentialAction\":[{\"@type\":\"SearchAction\",\"target\":{\"@type\":\"EntryPoint\",\"urlTemplate\":\"https:\\\/\\\/oleksandraryshniak24.thkit.ee\\\/wp1\\\/rus\\\/?s={search_term_string}\"},\"query-input\":{\"@type\":\"PropertyValueSpecification\",\"valueRequired\":true,\"valueName\":\"search_term_string\"}}],\"inLanguage\":\"ru-RU\"}]}<\/script>\n<!-- \/ Yoast SEO plugin. -->","yoast_head_json":{"title":"Referaat Roobotika - Oleksandra Ryshniak Portfoolio","robots":{"index":"index","follow":"follow","max-snippet":"max-snippet:-1","max-image-preview":"max-image-preview:large","max-video-preview":"max-video-preview:-1"},"canonical":"https:\/\/oleksandraryshniak24.thkit.ee\/wp1\/rus\/referaat-2-2\/","og_locale":"ru_RU","og_type":"article","og_title":"Referaat Roobotika - Oleksandra Ryshniak Portfoolio","og_description":"Referaat Roobotika Ajalugu Robotitehnika ajalugu ulatub kaugele minevikku, kui ideed mehaaniliste olendite ja automaatide kohta tekkisid juba antiikajal. Esimesed kontseptsioonid [&hellip;]","og_url":"https:\/\/oleksandraryshniak24.thkit.ee\/wp1\/rus\/referaat-2-2\/","og_site_name":"Oleksandra Ryshniak Portfoolio","twitter_card":"summary_large_image","twitter_misc":{"\u041f\u0440\u0438\u043c\u0435\u0440\u043d\u043e\u0435 \u0432\u0440\u0435\u043c\u044f \u0434\u043b\u044f \u0447\u0442\u0435\u043d\u0438\u044f":"2 \u043c\u0438\u043d\u0443\u0442\u044b"},"schema":{"@context":"https:\/\/schema.org","@graph":[{"@type":"WebPage","@id":"https:\/\/oleksandraryshniak24.thkit.ee\/wp1\/rus\/referaat-2-2\/","url":"https:\/\/oleksandraryshniak24.thkit.ee\/wp1\/rus\/referaat-2-2\/","name":"Referaat Roobotika - Oleksandra Ryshniak Portfoolio","isPartOf":{"@id":"https:\/\/oleksandraryshniak24.thkit.ee\/wp1\/rus\/#website"},"datePublished":"2025-03-07T11:00:36+00:00","breadcrumb":{"@id":"https:\/\/oleksandraryshniak24.thkit.ee\/wp1\/rus\/referaat-2-2\/#breadcrumb"},"inLanguage":"ru-RU","potentialAction":[{"@type":"ReadAction","target":["https:\/\/oleksandraryshniak24.thkit.ee\/wp1\/rus\/referaat-2-2\/"]}]},{"@type":"BreadcrumbList","@id":"https:\/\/oleksandraryshniak24.thkit.ee\/wp1\/rus\/referaat-2-2\/#breadcrumb","itemListElement":[{"@type":"ListItem","position":1,"name":"Home","item":"https:\/\/oleksandraryshniak24.thkit.ee\/wp1\/rus\/"},{"@type":"ListItem","position":2,"name":"Referaat Roobotika"}]},{"@type":"WebSite","@id":"https:\/\/oleksandraryshniak24.thkit.ee\/wp1\/rus\/#website","url":"https:\/\/oleksandraryshniak24.thkit.ee\/wp1\/rus\/","name":"Oleksandra Ryshniak Portfoolio","description":"","potentialAction":[{"@type":"SearchAction","target":{"@type":"EntryPoint","urlTemplate":"https:\/\/oleksandraryshniak24.thkit.ee\/wp1\/rus\/?s={search_term_string}"},"query-input":{"@type":"PropertyValueSpecification","valueRequired":true,"valueName":"search_term_string"}}],"inLanguage":"ru-RU"}]}},"_links":{"self":[{"href":"https:\/\/oleksandraryshniak24.thkit.ee\/wp1\/rus\/wp-json\/wp\/v2\/pages\/1283","targetHints":{"allow":["GET"]}}],"collection":[{"href":"https:\/\/oleksandraryshniak24.thkit.ee\/wp1\/rus\/wp-json\/wp\/v2\/pages"}],"about":[{"href":"https:\/\/oleksandraryshniak24.thkit.ee\/wp1\/rus\/wp-json\/wp\/v2\/types\/page"}],"author":[{"embeddable":true,"href":"https:\/\/oleksandraryshniak24.thkit.ee\/wp1\/rus\/wp-json\/wp\/v2\/users\/1"}],"replies":[{"embeddable":true,"href":"https:\/\/oleksandraryshniak24.thkit.ee\/wp1\/rus\/wp-json\/wp\/v2\/comments?post=1283"}],"version-history":[{"count":0,"href":"https:\/\/oleksandraryshniak24.thkit.ee\/wp1\/rus\/wp-json\/wp\/v2\/pages\/1283\/revisions"}],"wp:attachment":[{"href":"https:\/\/oleksandraryshniak24.thkit.ee\/wp1\/rus\/wp-json\/wp\/v2\/media?parent=1283"}],"curies":[{"name":"wp","href":"https:\/\/api.w.org\/{rel}","templated":true}]}}