{"id":1318,"date":"2025-09-18T12:16:13","date_gmt":"2025-09-18T09:16:13","guid":{"rendered":"https:\/\/com47276.wordpress.com\/?page_id=1317"},"modified":"2025-09-18T12:16:13","modified_gmt":"2025-09-18T09:16:13","slug":"1317-2-2","status":"publish","type":"page","link":"https:\/\/oleksandraryshniak24.thkit.ee\/wp1\/rus\/1317-2-2\/","title":{"rendered":"OPP_C#"},"content":{"rendered":"\n<h2 class=\"wp-block-heading\">C# OOP &#8212; Objektorienteeritud programmeerimise p\u00f5hialused<\/h2>\n\n\n\n<h3 class=\"wp-block-heading\">1. Klass<\/h3>\n\n\n\n<ul class=\"wp-block-list\">\n<li><strong>Klass<\/strong>&nbsp;on mall v\u00f5i plaan, mille p\u00f5hjal luuakse&nbsp;<strong>objekte<\/strong>.<\/li>\n\n\n\n<li>Kirjeldab omadusi (<strong>v\u00e4lju<\/strong>) ja tegevusi (<strong>meetodeid<\/strong>).<\/li>\n<\/ul>\n\n\n\n<h5 class=\"wp-block-heading\"><strong>Inimene class<\/strong><\/h5>\n\n\n<div class=\"wp-block-syntaxhighlighter-code \"><pre class=\"brush: csharp; title: ; notranslate\" title=\"\">\n    internal class Inimene\n    {\n        public string Nimi; \/\/\u043e\u0431\u044a\u0435\u043a\u0442\u044b\n        public int Vanus;\n        public Inimene() { } \/\/1 \u0441\u043f\u043e\u0441\u043e\u0431 - \u043a\u043e\u043d\u0441\u0442\u0440\u0443\u043a\u0442\u043e\u0440\n\n        public Inimene(string nimi, int vanus) \/\/2 \u0441\u043f\u043e\u0441\u043e\u0431 - \u043a\u043e\u043d\u0441\u0442\u0440\u0443\u043a\u0442\u043e\u0440\n        {\n            Nimi = nimi;\n            Vanus = vanus;\n        }\n\n        public void Tervita() \/\/ - \u0434\u0435\u0439\u0441\u0442\u0432\u0438\u0435\n        {\n            Console.WriteLine(&quot;Tere! Mina olen &quot; + Nimi);\n        }\n    }\n\n<\/pre><\/div>\n\n\n<h5 class=\"wp-block-heading\"><strong>StartClass<\/strong><\/h5>\n\n\n<div class=\"wp-block-syntaxhighlighter-code \"><pre class=\"brush: csharp; title: ; notranslate\" title=\"\">\n    internal class StartClass_OOP\n    {\n        public static void Main(string&#x5B;] args)\n        {\n            Inimene inimene1 = new Inimene(); \/\/ 1. \u0441\u043f\u043e\u0441\u043e\u0431\n            inimene1.Nimi = &quot;Juku&quot;;\n            inimene1.Vanus = 12;\n            inimene1.Tervita();\n\n            Inimene inimene2 = new Inimene(&quot;Kati&quot;, 23); \/\/ 2. \u0441\u043f\u043e\u0441\u043e\u0431\n            inimene2.Tervita();\n        }\n    }\n<\/pre><\/div>\n\n\n<h3 class=\"wp-block-heading\">2. P\u00e4rilus (inheritance)<\/h3>\n\n\n\n<ul class=\"wp-block-list\">\n<li>V\u00f5imaldab&nbsp;<strong>luua uue klassi olemasoleva p\u00f5hjal<\/strong>.<\/li>\n\n\n\n<li>Alamklass&nbsp;<strong>p\u00e4rib<\/strong>&nbsp;k\u00f5ik vanema omadused ja meetodid.<\/li>\n\n\n\n<li>V\u00f5imalik&nbsp;<strong>laiendada<\/strong>&nbsp;v\u00f5i&nbsp;<strong>muuta k\u00e4itumist<\/strong>.<\/li>\n<\/ul>\n\n\n\n<h5 class=\"wp-block-heading\"><strong>T\u00f6\u00f6taja class<\/strong><\/h5>\n\n\n<div class=\"wp-block-syntaxhighlighter-code \"><pre class=\"brush: csharp; title: ; notranslate\" title=\"\">\n    public class T\u00f6\u00f6taja : Inimene\n    {\n        public string Ametikoht = &quot;Keevitaja&quot;;\n\n        public void T\u00f6\u00f6tan()\n        {\n            Console.WriteLine($&quot;{Nimi} t\u00f6\u00f6tan ametikohal {Ametikoht}.&quot;);\n        }\n    }\n<\/pre><\/div>\n\n\n<h5 class=\"wp-block-heading\"><strong>StartClass<\/strong><\/h5>\n\n\n<div class=\"wp-block-syntaxhighlighter-code \"><pre class=\"brush: csharp; title: ; notranslate\" title=\"\">\n            T\u00f6\u00f6taja t\u00f6\u00f6taja1 = new T\u00f6\u00f6taja();\n            t\u00f6\u00f6taja1.Nimi = &quot;Mati&quot;;\n            t\u00f6\u00f6taja1.Vanus = 45;\n            t\u00f6\u00f6taja1.Ametikoht = &quot;Autojuht&quot;;\n            t\u00f6\u00f6taja1.Tervita();\n            t\u00f6\u00f6taja1.T\u00f6\u00f6tan();\n<\/pre><\/div>\n\n\n<h3 class=\"wp-block-heading\">3. Abstraktsioon (abstraction)<\/h3>\n\n\n\n<ul class=\"wp-block-list\">\n<li>Peidab <strong>keerulise loogika<\/strong> ja n\u00e4itab ainult <strong>vajalikku infot<\/strong>.<\/li>\n\n\n\n<li>Kasutatakse <strong>abstraktsete klasside<\/strong> ja <strong>liideste<\/strong> abil.<\/li>\n<\/ul>\n\n\n<div class=\"wp-block-syntaxhighlighter-code \"><pre class=\"brush: csharp; title: ; notranslate\" title=\"\">\npublic abstract class Loom\n{\n    public string Nimi;\n\n    public abstract void TeeH\u00e4\u00e4l();\n}\n\npublic class Koer : Loom\n{\n    public override void TeeH\u00e4\u00e4l()\n    {\n        Console.WriteLine(&quot;Auh-auh!&quot;);\n    }\n}\n\n<\/pre><\/div>","protected":false},"excerpt":{"rendered":"<p>C# OOP &#8212; Objektorienteeritud programmeerimise p\u00f5hialused 1. Klass Inimene class StartClass 2. P\u00e4rilus (inheritance) T\u00f6\u00f6taja class StartClass 3. Abstraktsioon (abstraction)<\/p>\n","protected":false},"author":1,"featured_media":0,"parent":0,"menu_order":0,"comment_status":"closed","ping_status":"closed","template":"page-with-title","meta":{"footnotes":""},"class_list":["post-1318","page","type-page","status-publish","hentry"],"yoast_head":"<!-- This site is optimized with the Yoast SEO plugin v27.4 - https:\/\/yoast.com\/product\/yoast-seo-wordpress\/ -->\n<title>OPP_C# - Oleksandra Ryshniak Portfoolio<\/title>\n<meta name=\"robots\" content=\"index, follow, max-snippet:-1, max-image-preview:large, max-video-preview:-1\" \/>\n<link rel=\"canonical\" href=\"https:\/\/oleksandraryshniak24.thkit.ee\/wp1\/rus\/1317-2-2\/\" \/>\n<meta property=\"og:locale\" content=\"ru_RU\" \/>\n<meta property=\"og:type\" content=\"article\" \/>\n<meta property=\"og:title\" content=\"OPP_C# - Oleksandra Ryshniak Portfoolio\" \/>\n<meta property=\"og:description\" content=\"C# OOP &#8212; Objektorienteeritud programmeerimise p\u00f5hialused 1. Klass Inimene class StartClass 2. P\u00e4rilus (inheritance) T\u00f6\u00f6taja class StartClass 3. Abstraktsioon (abstraction)\" \/>\n<meta property=\"og:url\" content=\"https:\/\/oleksandraryshniak24.thkit.ee\/wp1\/rus\/1317-2-2\/\" \/>\n<meta property=\"og:site_name\" content=\"Oleksandra Ryshniak Portfoolio\" \/>\n<meta name=\"twitter:card\" content=\"summary_large_image\" \/>\n<meta name=\"twitter:label1\" content=\"\u041f\u0440\u0438\u043c\u0435\u0440\u043d\u043e\u0435 \u0432\u0440\u0435\u043c\u044f \u0434\u043b\u044f \u0447\u0442\u0435\u043d\u0438\u044f\" \/>\n\t<meta name=\"twitter:data1\" content=\"1 \u043c\u0438\u043d\u0443\u0442\u0430\" \/>\n<script type=\"application\/ld+json\" class=\"yoast-schema-graph\">{\"@context\":\"https:\\\/\\\/schema.org\",\"@graph\":[{\"@type\":\"WebPage\",\"@id\":\"https:\\\/\\\/oleksandraryshniak24.thkit.ee\\\/wp1\\\/rus\\\/1317-2-2\\\/\",\"url\":\"https:\\\/\\\/oleksandraryshniak24.thkit.ee\\\/wp1\\\/rus\\\/1317-2-2\\\/\",\"name\":\"OPP_C# - Oleksandra Ryshniak Portfoolio\",\"isPartOf\":{\"@id\":\"https:\\\/\\\/oleksandraryshniak24.thkit.ee\\\/wp1\\\/rus\\\/#website\"},\"datePublished\":\"2025-09-18T09:16:13+00:00\",\"breadcrumb\":{\"@id\":\"https:\\\/\\\/oleksandraryshniak24.thkit.ee\\\/wp1\\\/rus\\\/1317-2-2\\\/#breadcrumb\"},\"inLanguage\":\"ru-RU\",\"potentialAction\":[{\"@type\":\"ReadAction\",\"target\":[\"https:\\\/\\\/oleksandraryshniak24.thkit.ee\\\/wp1\\\/rus\\\/1317-2-2\\\/\"]}]},{\"@type\":\"BreadcrumbList\",\"@id\":\"https:\\\/\\\/oleksandraryshniak24.thkit.ee\\\/wp1\\\/rus\\\/1317-2-2\\\/#breadcrumb\",\"itemListElement\":[{\"@type\":\"ListItem\",\"position\":1,\"name\":\"Home\",\"item\":\"https:\\\/\\\/oleksandraryshniak24.thkit.ee\\\/wp1\\\/rus\\\/\"},{\"@type\":\"ListItem\",\"position\":2,\"name\":\"OPP_C#\"}]},{\"@type\":\"WebSite\",\"@id\":\"https:\\\/\\\/oleksandraryshniak24.thkit.ee\\\/wp1\\\/rus\\\/#website\",\"url\":\"https:\\\/\\\/oleksandraryshniak24.thkit.ee\\\/wp1\\\/rus\\\/\",\"name\":\"Oleksandra Ryshniak Portfoolio\",\"description\":\"\",\"potentialAction\":[{\"@type\":\"SearchAction\",\"target\":{\"@type\":\"EntryPoint\",\"urlTemplate\":\"https:\\\/\\\/oleksandraryshniak24.thkit.ee\\\/wp1\\\/rus\\\/?s={search_term_string}\"},\"query-input\":{\"@type\":\"PropertyValueSpecification\",\"valueRequired\":true,\"valueName\":\"search_term_string\"}}],\"inLanguage\":\"ru-RU\"}]}<\/script>\n<!-- \/ Yoast SEO plugin. -->","yoast_head_json":{"title":"OPP_C# - Oleksandra Ryshniak Portfoolio","robots":{"index":"index","follow":"follow","max-snippet":"max-snippet:-1","max-image-preview":"max-image-preview:large","max-video-preview":"max-video-preview:-1"},"canonical":"https:\/\/oleksandraryshniak24.thkit.ee\/wp1\/rus\/1317-2-2\/","og_locale":"ru_RU","og_type":"article","og_title":"OPP_C# - Oleksandra Ryshniak Portfoolio","og_description":"C# OOP &#8212; Objektorienteeritud programmeerimise p\u00f5hialused 1. Klass Inimene class StartClass 2. P\u00e4rilus (inheritance) T\u00f6\u00f6taja class StartClass 3. Abstraktsioon (abstraction)","og_url":"https:\/\/oleksandraryshniak24.thkit.ee\/wp1\/rus\/1317-2-2\/","og_site_name":"Oleksandra Ryshniak Portfoolio","twitter_card":"summary_large_image","twitter_misc":{"\u041f\u0440\u0438\u043c\u0435\u0440\u043d\u043e\u0435 \u0432\u0440\u0435\u043c\u044f \u0434\u043b\u044f \u0447\u0442\u0435\u043d\u0438\u044f":"1 \u043c\u0438\u043d\u0443\u0442\u0430"},"schema":{"@context":"https:\/\/schema.org","@graph":[{"@type":"WebPage","@id":"https:\/\/oleksandraryshniak24.thkit.ee\/wp1\/rus\/1317-2-2\/","url":"https:\/\/oleksandraryshniak24.thkit.ee\/wp1\/rus\/1317-2-2\/","name":"OPP_C# - Oleksandra Ryshniak Portfoolio","isPartOf":{"@id":"https:\/\/oleksandraryshniak24.thkit.ee\/wp1\/rus\/#website"},"datePublished":"2025-09-18T09:16:13+00:00","breadcrumb":{"@id":"https:\/\/oleksandraryshniak24.thkit.ee\/wp1\/rus\/1317-2-2\/#breadcrumb"},"inLanguage":"ru-RU","potentialAction":[{"@type":"ReadAction","target":["https:\/\/oleksandraryshniak24.thkit.ee\/wp1\/rus\/1317-2-2\/"]}]},{"@type":"BreadcrumbList","@id":"https:\/\/oleksandraryshniak24.thkit.ee\/wp1\/rus\/1317-2-2\/#breadcrumb","itemListElement":[{"@type":"ListItem","position":1,"name":"Home","item":"https:\/\/oleksandraryshniak24.thkit.ee\/wp1\/rus\/"},{"@type":"ListItem","position":2,"name":"OPP_C#"}]},{"@type":"WebSite","@id":"https:\/\/oleksandraryshniak24.thkit.ee\/wp1\/rus\/#website","url":"https:\/\/oleksandraryshniak24.thkit.ee\/wp1\/rus\/","name":"Oleksandra Ryshniak Portfoolio","description":"","potentialAction":[{"@type":"SearchAction","target":{"@type":"EntryPoint","urlTemplate":"https:\/\/oleksandraryshniak24.thkit.ee\/wp1\/rus\/?s={search_term_string}"},"query-input":{"@type":"PropertyValueSpecification","valueRequired":true,"valueName":"search_term_string"}}],"inLanguage":"ru-RU"}]}},"_links":{"self":[{"href":"https:\/\/oleksandraryshniak24.thkit.ee\/wp1\/rus\/wp-json\/wp\/v2\/pages\/1318","targetHints":{"allow":["GET"]}}],"collection":[{"href":"https:\/\/oleksandraryshniak24.thkit.ee\/wp1\/rus\/wp-json\/wp\/v2\/pages"}],"about":[{"href":"https:\/\/oleksandraryshniak24.thkit.ee\/wp1\/rus\/wp-json\/wp\/v2\/types\/page"}],"author":[{"embeddable":true,"href":"https:\/\/oleksandraryshniak24.thkit.ee\/wp1\/rus\/wp-json\/wp\/v2\/users\/1"}],"replies":[{"embeddable":true,"href":"https:\/\/oleksandraryshniak24.thkit.ee\/wp1\/rus\/wp-json\/wp\/v2\/comments?post=1318"}],"version-history":[{"count":0,"href":"https:\/\/oleksandraryshniak24.thkit.ee\/wp1\/rus\/wp-json\/wp\/v2\/pages\/1318\/revisions"}],"wp:attachment":[{"href":"https:\/\/oleksandraryshniak24.thkit.ee\/wp1\/rus\/wp-json\/wp\/v2\/media?parent=1318"}],"curies":[{"name":"wp","href":"https:\/\/api.w.org\/{rel}","templated":true}]}}