{"id":1517,"date":"2025-03-07T13:00:53","date_gmt":"2025-03-07T11:00:53","guid":{"rendered":"https:\/\/com47276.wordpress.com\/?page_id=491"},"modified":"2025-03-07T13:00:53","modified_gmt":"2025-03-07T11:00:53","slug":"katse-1-2","status":"publish","type":"page","link":"https:\/\/oleksandraryshniak24.thkit.ee\/wp1\/rus\/katse-1-2\/","title":{"rendered":"Praktika 1 Led ja RGB Led Katse 1"},"content":{"rendered":"\n<h2 class=\"wp-block-heading\">Praktika 1. LED ja RGB led <\/h2>\n\n\n\n<h2 class=\"wp-block-heading\">1.1 katse<\/h2>\n\n\n\n<h3 class=\"wp-block-heading\">Projekti koostamiseks l\u00e4heb vaja:<\/h3>\n\n\n\n<p style=\"font-style:normal;font-weight:400\">LED &#8212; 1<br>Taikisti &#8212; 1 (220 Om)<br>Juhe &#8212; 1<br><\/p>\n\n\n\n<h3 class=\"wp-block-heading\">Skeem:<\/h3>\n\n\n\n<figure class=\"wp-block-image size-large\"><img loading=\"lazy\" decoding=\"async\" width=\"524\" height=\"488\" src=\"https:\/\/oleksandraryshniak24.thkit.ee\/wp1\/rus\/wp-content\/uploads\/sites\/2\/2025\/03\/pilt-31.png?w=524\" alt=\"\" class=\"wp-image-610\" srcset=\"https:\/\/oleksandraryshniak24.thkit.ee\/wp1\/rus\/wp-content\/uploads\/sites\/2\/2025\/03\/pilt-31.png 524w, https:\/\/oleksandraryshniak24.thkit.ee\/wp1\/rus\/wp-content\/uploads\/sites\/2\/2025\/03\/pilt-31-300x279.png 300w, https:\/\/oleksandraryshniak24.thkit.ee\/wp1\/rus\/wp-content\/uploads\/sites\/2\/2025\/03\/pilt-31-150x140.png 150w\" sizes=\"auto, (max-width: 524px) 100vw, 524px\" \/><\/figure>\n\n\n\n<h3 class=\"wp-block-heading\">Kood:<\/h3>\n\n\n\n<figure class=\"wp-block-image size-large\"><img decoding=\"async\" src=\"https:\/\/oleksandraryshniak24.thkit.ee\/wp1\/rus\/wp-content\/uploads\/sites\/2\/2025\/03\/pilt-32.png?w=660\" alt=\"\" class=\"wp-image-611\" \/><\/figure>\n\n\n\n<p style=\"font-style:normal;font-weight:400\">void setup () <br>{<br> pinMode(13, OUTPUT);<br>}<br>Helista programmile<\/p>\n\n\n\n<p style=\"font-style:normal;font-weight:400\"><strong>loop () <\/strong>&#8212; ts\u00fckkel<br><strong>LOW <\/strong>&#8212; v\u00e4lja  <strong>HIGH<\/strong> &#8212; lisada<br><strong>delay <\/strong>&#8212; paus<br><strong>OUTPUT<\/strong> &#8212; j\u00e4reldus <strong>INPUT <\/strong>&#8212; sisend<\/p>\n\n\n\n<h2 class=\"wp-block-heading\">1.2 Katse<\/h2>\n\n\n\n<p style=\"font-style:normal;font-weight:400\">LED &#8212; 1<br>Taikisti &#8212; 3 (220 Om)<br>Juhe- 3<\/p>\n\n\n\n<figure class=\"wp-block-image size-large\"><img loading=\"lazy\" decoding=\"async\" width=\"632\" height=\"712\" src=\"https:\/\/oleksandraryshniak24.thkit.ee\/wp1\/rus\/wp-content\/uploads\/sites\/2\/2025\/03\/pilt-33.png?w=632\" alt=\"\" class=\"wp-image-615\" srcset=\"https:\/\/oleksandraryshniak24.thkit.ee\/wp1\/rus\/wp-content\/uploads\/sites\/2\/2025\/03\/pilt-33.png 632w, https:\/\/oleksandraryshniak24.thkit.ee\/wp1\/rus\/wp-content\/uploads\/sites\/2\/2025\/03\/pilt-33-266x300.png 266w, https:\/\/oleksandraryshniak24.thkit.ee\/wp1\/rus\/wp-content\/uploads\/sites\/2\/2025\/03\/pilt-33-133x150.png 133w\" sizes=\"auto, (max-width: 632px) 100vw, 632px\" \/><\/figure>\n\n\n<div class=\"wp-block-syntaxhighlighter-code \"><pre class=\"brush: cpp; title: ; notranslate\" title=\"\">\nconst int RED_PIN = 11;\n\nconst int GREEN_PIN = 9;\n\nconst int BLUE_PIN = 10;\n\nint DISPLAY_TIME = 100;  \/\/ v\u00e4rvimuutuse kiirus\n\nvoid setup()\n\n{\n\n  pinMode(RED_PIN, OUTPUT);\n\n  pinMode(GREEN_PIN, OUTPUT);\n\n  pinMode(BLUE_PIN, OUTPUT);\n\n}\n\t\nvoid loop()\n\n{\n\nmainColors();\n\nshowSpectrum();\n\n}\n\nvoid mainColors()\n\n{\n\n\/\/ K\u00f5ik LEDid on v\u00e4lja l\u00fclitatud\n\n  digitalWrite(RED_PIN, LOW);\n\n  digitalWrite(GREEN_PIN, LOW);\n\n  digitalWrite(BLUE_PIN, LOW);\n\n delay(1000);\n\n\/\/P\u00f5leb punane\n\n  digitalWrite(RED_PIN, HIGH);\n\n  digitalWrite(GREEN_PIN, LOW);\n\n  digitalWrite(BLUE_PIN, LOW);\n\n  delay(1000);\n\n\/\/ P\u00f5leb roheline\n\n  digitalWrite(RED_PIN, LOW);\n\n  digitalWrite(GREEN_PIN, HIGH);\n\n  digitalWrite(BLUE_PIN, LOW);\n\n  delay(1000);\n\n\/\/ Sinine on sisse l\u00fclitatud\n\n  digitalWrite(RED_PIN, LOW);\n\n  digitalWrite(GREEN_PIN, LOW);\n\n  digitalWrite(BLUE_PIN, HIGH);\n\n  delay(1000);\n\n\/\/ Kollane.\n\n  digitalWrite(RED_PIN, HIGH);\n\n  digitalWrite(GREEN_PIN, HIGH);\n\n  digitalWrite(BLUE_PIN, LOW);\n\n  delay(1000);\n\n\/\/ Lilla\n\n  digitalWrite(RED_PIN, LOW);\n\n  digitalWrite(GREEN_PIN, HIGH);\n\n  digitalWrite(BLUE_PIN, HIGH);\n\n  delay(1000);\n\n\/\/Roosa\n\n  digitalWrite(RED_PIN, HIGH);\n\n  digitalWrite(GREEN_PIN, LOW);\n\n  digitalWrite(BLUE_PIN, HIGH);\n\n  delay(1000);\n\n\/\/Valge ehk k\u00f5ik on sisse l\u00fclitatud\n\n  digitalWrite(RED_PIN, HIGH);\n\n  digitalWrite(GREEN_PIN, HIGH);\n\n  digitalWrite(BLUE_PIN, HIGH);\n\n  delay(1000);\n\n}\n\n\/\/ Vikerkaar. \n\nvoid showSpectrum()\n\n{\n\n  int x;\n\n  for (x = 0; x &lt; 768; x++)\n\n  {\n\n    showRGB(x);  \/\/ \n\n    delay(10);   \/\/ paus 0,001 sek\n\n  }\n\n}\n\n\/\/ ShowRGB()  p\u00f5hiv\u00e4rvid: \n\n\/\/ 0 = punane \n\n\/\/ 255 = roheline\n\n\/\/ 511 = sinine\n\n\/\/ 767 = j\u00e4lle punane \n\nvoid showRGB(int color)\n\n{\n\n  int redIntensity;\n\n  int greenIntensity;\n\n  int blueIntensity;\n\n  if (color &lt;= 255)                \n\n  {\n\n    redIntensity = 255 - color;    \/\/ l\u00fclitakse v\u00e4lja punane\n\n    greenIntensity = color;        \/\/ l\u00fclitakse sisse roheline\n\n    blueIntensity = 0;             \/\/ sinine on v\u00e4lja l\u00fclitatud\n\n  }\n\n  else if (color &lt;= 511)          \n\n  {\n\n    redIntensity = 0;                     \/\/ punane on v\u00e4lja l\u00fclitatud\n\n    greenIntensity = 255 - (color - 256); \n\n    blueIntensity = (color - 256);        \n\n  }\n\n  else if (color &gt;= 512)             \n\n  {\n\n    redIntensity = (color - 512);        \n\n    greenIntensity = 0;                  \n\n    blueIntensity = 255 - (color - 512);  \n\n  }\n\n  analogWrite(RED_PIN, redIntensity); \/\/ punase LED\u00b4i sujuv \u00fcmberl\u00fclitamine\n\n  analogWrite(BLUE_PIN, blueIntensity);\n\n  analogWrite(GREEN_PIN, greenIntensity);\n\n}\n<\/pre><\/div>\n\n\n<p style=\"font-style:normal;font-weight:400\"><strong>if &#8230;<br>else <\/strong> &#8212; kui<br><strong>showRGB <\/strong>&#8212; funktsioon, mis m\u00e4\u00e4rab sujuvuse<br><strong>showSpectrum<\/strong> &#8212; funktsioon, mis ennustab, millisest kuup\u00e4evast millise kuup\u00e4evani.<\/p>\n\n\n\n<p style=\"font-style:normal;font-weight:400\"><\/p>\n\n\n\n<h2 class=\"wp-block-heading\">1.3 Katse <\/h2>\n\n\n\n<h2 class=\"wp-block-heading\">\u00dclesanne 1 Valgusfoor<\/h2>\n\n\n\n<h3 class=\"wp-block-heading\">T\u00f6\u00f6 kirjeldus:<\/h3>\n\n\n\n<p>Valgusanduril on kaks t\u00f6\u00f6re\u017eiimi. P\u00e4evare\u017eiim ja \u00f6\u00f6re\u017eiim.<\/p>\n\n\n\n<h3 class=\"wp-block-heading\">T\u00f6\u00f6 protsess:<\/h3>\n\n\n\n<p>\u00dchendage dioodid, takisti ja juhtmed plaadile. \u00dchendage dioodid, pirn, valgusdioodid, valgusallikas ja liiteseade.<\/p>\n\n\n\n<p><strong>P\u00e4evare\u017eiim (korda 4 korda) normaalne re\u017eiim:<\/strong><br>Esmalt hakkab see t\u00f6\u00f6le punase tulega autodele ja rohelise tulega jalak\u00e4ijatele (5 sekundit), seej\u00e4rel vilgub jalak\u00e4ijatele (6 vilkumist 0,5 sekundit). Seej\u00e4rel hakkab t\u00f6\u00f6le autode kollane tuli (3 sekundit) ja jalak\u00e4ijatele punane. Seej\u00e4rel p\u00f5leb autodel roheline tuli (5 s) ja punane jalak\u00e4ijatele, misj\u00e4rel vilgub autode roheline tuli (6 vilkumist iga 0,5 sek). Viimane etapp on autodele kollane (3 sekundit) ja jalak\u00e4ijatele punane.<br><strong>\u00d6\u00f6re\u017eiim (korda 4 korda):<\/strong><br>T\u00f6\u00f6tab ainult kollane tuli (p\u00f5leb 1 sekund) ja k\u00f5ik tuled kustuvad 1 sekundiks.<br><strong>P\u00f5hiline ts\u00fckkel<\/strong>:<br>P\u00f5hits\u00fcklis kordub p\u00e4evane re\u017eiim 2 korda ja \u00f6ine re\u017eiim 1 kord. Kogu p\u00f5hits\u00fckkel kordub alati.<\/p>\n\n\n\n<h3 class=\"wp-block-heading\">Kasutatud komponeendid:<\/h3>\n\n\n\n<p style=\"font-style:normal;font-weight:400\">LED (punane) &#8212; 2<br>LED(kollane) &#8212; 1<br>LED(roheline) &#8212; 2<br>Taikisti &#8212; 5 (220 Om)<br>Juhe &#8212; 6<br>Arendusplaat &#8212; 1<br><\/p>\n\n\n\n<h3 class=\"wp-block-heading\">\u00dchendamise skeem:<\/h3>\n\n\n\n<figure class=\"wp-block-image size-large\"><img decoding=\"async\" src=\"https:\/\/oleksandraryshniak24.thkit.ee\/wp1\/rus\/wp-content\/uploads\/2025\/03\/pilt-34-1.png?w=494\" alt=\"\" class=\"wp-image-621\" \/><\/figure>\n\n\n\n<h3 class=\"wp-block-heading\">Programm:<\/h3>\n\n\n<div class=\"wp-block-syntaxhighlighter-code \"><pre class=\"brush: cpp; title: ; notranslate\" title=\"\">\nconst int RED = 11;\nconst int YELLOW = 10;\nconst int GREEN = 9;\nconst int GREEN1 = 5;\nconst int RED1 = 6;\n\nint kord = 0;\n\nvoid setup() {\npinMode(RED, OUTPUT);\npinMode(GREEN, OUTPUT);\npinMode(YELLOW, OUTPUT);\npinMode(RED1, OUTPUT);\npinMode(GREEN1, OUTPUT);\n}\n\/\/P\u00e4evane re\u017eiim\nvoid paev() {\nint i;\nfor (i = 0; i &lt; 2; i++) {\ndigitalWrite(RED, HIGH);\ndigitalWrite(YELLOW, LOW);\ndigitalWrite(GREEN, LOW);\ndigitalWrite(GREEN1, HIGH);\ndigitalWrite(RED1, LOW);\ndelay(5000); \n\nint j;\nfor (j = 0; j &lt; 4; j++) {\ndigitalWrite(GREEN1, HIGH);\ndelay(250);\ndigitalWrite(GREEN1, LOW);\ndelay(250); \n} \/\/roheline vilkuv tuli jalak\u00e4ijatele\n\ndigitalWrite(RED, HIGH);\ndigitalWrite(YELLOW, HIGH);\ndigitalWrite(GREEN, LOW);\ndigitalWrite(RED1, HIGH);\ndigitalWrite(GREEN1, LOW);\ndelay(3000);\n\ndigitalWrite(RED, LOW);\ndigitalWrite(YELLOW, LOW);\ndigitalWrite(GREEN, HIGH);\ndigitalWrite(RED1, HIGH);\ndigitalWrite(GREEN1, LOW);\ndelay(5000);\n\nint n;\nfor ( n = 0; n &lt; 4; n++) {\ndigitalWrite(GREEN, HIGH);\ndelay(250);\ndigitalWrite(GREEN, LOW);\ndelay(250);\n} \/\/vilkuvad rohelised tuled autodele\n\ndigitalWrite(RED, LOW);\ndigitalWrite(YELLOW, HIGH);\ndigitalWrite(GREEN, LOW);\ndigitalWrite(RED1, HIGH);\ndigitalWrite(GREEN1, LOW);\ndelay(3000);\n}\n}\/\/ ts\u00fckkel \u00fcks kord\n\n\/\/ \u00d6\u00f6 re\u017eiim\nvoid oo() {\nint a;\nfor (a = 0; a &lt; 10; a++) {\ndigitalWrite(RED, LOW);\ndigitalWrite(YELLOW, HIGH);\ndigitalWrite(GREEN, LOW);\ndigitalWrite(GREEN1, LOW);\ndigitalWrite(RED1, LOW);\ndelay(1000);\n\ndigitalWrite(RED, LOW);\ndigitalWrite(YELLOW, LOW);\ndigitalWrite(GREEN, LOW);\ndigitalWrite(GREEN1, LOW);\ndigitalWrite(RED1, LOW);\ndelay(1000);\n}\n} \/\/kordub \u00fcheksa korda,ainult vilkuv kollane \n\n\/\/L\u00f5putu ts\u00fckkel p\u00e4evase ja \n\/\/\u00f6ise re\u017eiimi jaoks (nii et need korduvad)\nvoid loop() {\n  if (kord &lt; 3) {\n    paev();\n    kord++;\n  } else {\n    oo();\n    kord = 0;  \n  }\n}\n<\/pre><\/div>\n\n\n<h3 class=\"wp-block-heading\">Video:<\/h3>\n\n\n\n<p><a href=\"https:\/\/drive.google.com\/file\/d\/1ZB4dMCUmn1xiXPwE7HgfcRSH7vedQt7x\/view?usp=drive_link\">https:\/\/drive.google.com\/file\/d\/1ZB4dMCUmn1xiXPwE7HgfcRSH7vedQt7x\/view?usp=drive_link<\/a><\/p>\n\n\n\n<h3 class=\"wp-block-heading\">Uued funktsioonid:<\/h3>\n\n\n\n<p><strong>digitalWrite( ) <\/strong>&#8212;  funktsioon teeb seda, mis on sulgudes, n\u00e4iteks<br><strong>digitalWrite(RED, LOW) <\/strong>\u2013 L\u00fclitage LED v\u00e4lja<br><strong>digitalWrite(RED, HIGH)<\/strong> \u2013 L\u00fclitage valgusdiood sisse<br><strong>pinMode(RED, OUTPUT)<\/strong> \u2013 saab kaks v\u00e4\u00e4rtust, mille edastame talle sulgudes kohe p\u00e4rast funktsiooni nime. Esimene on number-pordi number, teine on s\u00f5na<br><strong>void loop() <\/strong>&#8212; l\u00f5pmatu ts\u00fckkel<br><strong>delay <\/strong>&#8212; ootus (sekundites)<br><strong>for (x=0;  x&lt;768; x++)<\/strong> &#8212; koormusts\u00fckkel<br><strong>INPUT<\/strong> &#8212; sisend<br><strong>OUTPUT<\/strong> &#8212; v\u00e4ljund<\/p>\n\n\n\n<h3 class=\"wp-block-heading\">LED-ide rakendamin<\/h3>\n\n\n\n<p>Valgustuse ja valgustuse jaoks: T\u00e4nava-, t\u00f6\u00f6stus-, koduvalgustuses (LED-lambid ja lambid); Dekoratiivvalgustuses, taustvalgustuses.<\/p>\n","protected":false},"excerpt":{"rendered":"<p>Praktika 1. LED ja RGB led 1.1 katse Projekti koostamiseks l\u00e4heb vaja: LED &#8212; 1Taikisti &#8212; 1 (220 Om)Juhe &#8212; [&hellip;]<\/p>\n","protected":false},"author":1,"featured_media":0,"parent":0,"menu_order":0,"comment_status":"closed","ping_status":"closed","template":"page-with-title","meta":{"footnotes":""},"class_list":["post-1517","page","type-page","status-publish","hentry"],"yoast_head":"<!-- This site is optimized with the Yoast SEO plugin v27.4 - https:\/\/yoast.com\/product\/yoast-seo-wordpress\/ -->\n<title>Praktika 1 Led ja RGB Led Katse 1 - Oleksandra Ryshniak Portfoolio<\/title>\n<meta name=\"robots\" content=\"index, follow, max-snippet:-1, max-image-preview:large, max-video-preview:-1\" \/>\n<link rel=\"canonical\" href=\"https:\/\/oleksandraryshniak24.thkit.ee\/wp1\/rus\/katse-1-2\/\" \/>\n<meta property=\"og:locale\" content=\"ru_RU\" \/>\n<meta property=\"og:type\" content=\"article\" \/>\n<meta property=\"og:title\" content=\"Praktika 1 Led ja RGB Led Katse 1 - Oleksandra Ryshniak Portfoolio\" \/>\n<meta property=\"og:description\" content=\"Praktika 1. LED ja RGB led 1.1 katse Projekti koostamiseks l\u00e4heb vaja: LED &#8212; 1Taikisti &#8212; 1 (220 Om)Juhe &#8212; [&hellip;]\" \/>\n<meta property=\"og:url\" content=\"https:\/\/oleksandraryshniak24.thkit.ee\/wp1\/rus\/katse-1-2\/\" \/>\n<meta property=\"og:site_name\" content=\"Oleksandra Ryshniak Portfoolio\" \/>\n<meta property=\"og:image\" content=\"https:\/\/oleksandraryshniak24.thkit.ee\/wp1\/rus\/wp-content\/uploads\/sites\/2\/2025\/03\/pilt-31.png\" \/>\n\t<meta property=\"og:image:width\" content=\"524\" \/>\n\t<meta property=\"og:image:height\" content=\"488\" \/>\n\t<meta property=\"og:image:type\" content=\"image\/png\" \/>\n<meta name=\"twitter:card\" content=\"summary_large_image\" \/>\n<meta name=\"twitter:label1\" content=\"\u041f\u0440\u0438\u043c\u0435\u0440\u043d\u043e\u0435 \u0432\u0440\u0435\u043c\u044f \u0434\u043b\u044f \u0447\u0442\u0435\u043d\u0438\u044f\" \/>\n\t<meta name=\"twitter:data1\" content=\"4 \u043c\u0438\u043d\u0443\u0442\u044b\" \/>\n<script type=\"application\/ld+json\" class=\"yoast-schema-graph\">{\"@context\":\"https:\\\/\\\/schema.org\",\"@graph\":[{\"@type\":\"WebPage\",\"@id\":\"https:\\\/\\\/oleksandraryshniak24.thkit.ee\\\/wp1\\\/rus\\\/katse-1-2\\\/\",\"url\":\"https:\\\/\\\/oleksandraryshniak24.thkit.ee\\\/wp1\\\/rus\\\/katse-1-2\\\/\",\"name\":\"Praktika 1 Led ja RGB Led Katse 1 - Oleksandra Ryshniak Portfoolio\",\"isPartOf\":{\"@id\":\"https:\\\/\\\/oleksandraryshniak24.thkit.ee\\\/wp1\\\/rus\\\/#website\"},\"primaryImageOfPage\":{\"@id\":\"https:\\\/\\\/oleksandraryshniak24.thkit.ee\\\/wp1\\\/rus\\\/katse-1-2\\\/#primaryimage\"},\"image\":{\"@id\":\"https:\\\/\\\/oleksandraryshniak24.thkit.ee\\\/wp1\\\/rus\\\/katse-1-2\\\/#primaryimage\"},\"thumbnailUrl\":\"https:\\\/\\\/oleksandraryshniak24.thkit.ee\\\/wp1\\\/rus\\\/wp-content\\\/uploads\\\/sites\\\/2\\\/2025\\\/03\\\/pilt-31.png?w=524\",\"datePublished\":\"2025-03-07T11:00:53+00:00\",\"breadcrumb\":{\"@id\":\"https:\\\/\\\/oleksandraryshniak24.thkit.ee\\\/wp1\\\/rus\\\/katse-1-2\\\/#breadcrumb\"},\"inLanguage\":\"ru-RU\",\"potentialAction\":[{\"@type\":\"ReadAction\",\"target\":[\"https:\\\/\\\/oleksandraryshniak24.thkit.ee\\\/wp1\\\/rus\\\/katse-1-2\\\/\"]}]},{\"@type\":\"ImageObject\",\"inLanguage\":\"ru-RU\",\"@id\":\"https:\\\/\\\/oleksandraryshniak24.thkit.ee\\\/wp1\\\/rus\\\/katse-1-2\\\/#primaryimage\",\"url\":\"https:\\\/\\\/oleksandraryshniak24.thkit.ee\\\/wp1\\\/rus\\\/wp-content\\\/uploads\\\/sites\\\/2\\\/2025\\\/03\\\/pilt-31.png\",\"contentUrl\":\"https:\\\/\\\/oleksandraryshniak24.thkit.ee\\\/wp1\\\/rus\\\/wp-content\\\/uploads\\\/sites\\\/2\\\/2025\\\/03\\\/pilt-31.png\",\"width\":524,\"height\":488},{\"@type\":\"BreadcrumbList\",\"@id\":\"https:\\\/\\\/oleksandraryshniak24.thkit.ee\\\/wp1\\\/rus\\\/katse-1-2\\\/#breadcrumb\",\"itemListElement\":[{\"@type\":\"ListItem\",\"position\":1,\"name\":\"Home\",\"item\":\"https:\\\/\\\/oleksandraryshniak24.thkit.ee\\\/wp1\\\/rus\\\/\"},{\"@type\":\"ListItem\",\"position\":2,\"name\":\"Praktika 1 Led ja RGB Led Katse 1\"}]},{\"@type\":\"WebSite\",\"@id\":\"https:\\\/\\\/oleksandraryshniak24.thkit.ee\\\/wp1\\\/rus\\\/#website\",\"url\":\"https:\\\/\\\/oleksandraryshniak24.thkit.ee\\\/wp1\\\/rus\\\/\",\"name\":\"Oleksandra Ryshniak Portfoolio\",\"description\":\"\",\"potentialAction\":[{\"@type\":\"SearchAction\",\"target\":{\"@type\":\"EntryPoint\",\"urlTemplate\":\"https:\\\/\\\/oleksandraryshniak24.thkit.ee\\\/wp1\\\/rus\\\/?s={search_term_string}\"},\"query-input\":{\"@type\":\"PropertyValueSpecification\",\"valueRequired\":true,\"valueName\":\"search_term_string\"}}],\"inLanguage\":\"ru-RU\"}]}<\/script>\n<!-- \/ Yoast SEO plugin. -->","yoast_head_json":{"title":"Praktika 1 Led ja RGB Led Katse 1 - Oleksandra Ryshniak Portfoolio","robots":{"index":"index","follow":"follow","max-snippet":"max-snippet:-1","max-image-preview":"max-image-preview:large","max-video-preview":"max-video-preview:-1"},"canonical":"https:\/\/oleksandraryshniak24.thkit.ee\/wp1\/rus\/katse-1-2\/","og_locale":"ru_RU","og_type":"article","og_title":"Praktika 1 Led ja RGB Led Katse 1 - Oleksandra Ryshniak Portfoolio","og_description":"Praktika 1. LED ja RGB led 1.1 katse Projekti koostamiseks l\u00e4heb vaja: LED &#8212; 1Taikisti &#8212; 1 (220 Om)Juhe &#8212; [&hellip;]","og_url":"https:\/\/oleksandraryshniak24.thkit.ee\/wp1\/rus\/katse-1-2\/","og_site_name":"Oleksandra Ryshniak Portfoolio","og_image":[{"width":524,"height":488,"url":"https:\/\/oleksandraryshniak24.thkit.ee\/wp1\/rus\/wp-content\/uploads\/sites\/2\/2025\/03\/pilt-31.png","type":"image\/png"}],"twitter_card":"summary_large_image","twitter_misc":{"\u041f\u0440\u0438\u043c\u0435\u0440\u043d\u043e\u0435 \u0432\u0440\u0435\u043c\u044f \u0434\u043b\u044f \u0447\u0442\u0435\u043d\u0438\u044f":"4 \u043c\u0438\u043d\u0443\u0442\u044b"},"schema":{"@context":"https:\/\/schema.org","@graph":[{"@type":"WebPage","@id":"https:\/\/oleksandraryshniak24.thkit.ee\/wp1\/rus\/katse-1-2\/","url":"https:\/\/oleksandraryshniak24.thkit.ee\/wp1\/rus\/katse-1-2\/","name":"Praktika 1 Led ja RGB Led Katse 1 - Oleksandra Ryshniak Portfoolio","isPartOf":{"@id":"https:\/\/oleksandraryshniak24.thkit.ee\/wp1\/rus\/#website"},"primaryImageOfPage":{"@id":"https:\/\/oleksandraryshniak24.thkit.ee\/wp1\/rus\/katse-1-2\/#primaryimage"},"image":{"@id":"https:\/\/oleksandraryshniak24.thkit.ee\/wp1\/rus\/katse-1-2\/#primaryimage"},"thumbnailUrl":"https:\/\/oleksandraryshniak24.thkit.ee\/wp1\/rus\/wp-content\/uploads\/sites\/2\/2025\/03\/pilt-31.png?w=524","datePublished":"2025-03-07T11:00:53+00:00","breadcrumb":{"@id":"https:\/\/oleksandraryshniak24.thkit.ee\/wp1\/rus\/katse-1-2\/#breadcrumb"},"inLanguage":"ru-RU","potentialAction":[{"@type":"ReadAction","target":["https:\/\/oleksandraryshniak24.thkit.ee\/wp1\/rus\/katse-1-2\/"]}]},{"@type":"ImageObject","inLanguage":"ru-RU","@id":"https:\/\/oleksandraryshniak24.thkit.ee\/wp1\/rus\/katse-1-2\/#primaryimage","url":"https:\/\/oleksandraryshniak24.thkit.ee\/wp1\/rus\/wp-content\/uploads\/sites\/2\/2025\/03\/pilt-31.png","contentUrl":"https:\/\/oleksandraryshniak24.thkit.ee\/wp1\/rus\/wp-content\/uploads\/sites\/2\/2025\/03\/pilt-31.png","width":524,"height":488},{"@type":"BreadcrumbList","@id":"https:\/\/oleksandraryshniak24.thkit.ee\/wp1\/rus\/katse-1-2\/#breadcrumb","itemListElement":[{"@type":"ListItem","position":1,"name":"Home","item":"https:\/\/oleksandraryshniak24.thkit.ee\/wp1\/rus\/"},{"@type":"ListItem","position":2,"name":"Praktika 1 Led ja RGB Led Katse 1"}]},{"@type":"WebSite","@id":"https:\/\/oleksandraryshniak24.thkit.ee\/wp1\/rus\/#website","url":"https:\/\/oleksandraryshniak24.thkit.ee\/wp1\/rus\/","name":"Oleksandra Ryshniak Portfoolio","description":"","potentialAction":[{"@type":"SearchAction","target":{"@type":"EntryPoint","urlTemplate":"https:\/\/oleksandraryshniak24.thkit.ee\/wp1\/rus\/?s={search_term_string}"},"query-input":{"@type":"PropertyValueSpecification","valueRequired":true,"valueName":"search_term_string"}}],"inLanguage":"ru-RU"}]}},"_links":{"self":[{"href":"https:\/\/oleksandraryshniak24.thkit.ee\/wp1\/rus\/wp-json\/wp\/v2\/pages\/1517","targetHints":{"allow":["GET"]}}],"collection":[{"href":"https:\/\/oleksandraryshniak24.thkit.ee\/wp1\/rus\/wp-json\/wp\/v2\/pages"}],"about":[{"href":"https:\/\/oleksandraryshniak24.thkit.ee\/wp1\/rus\/wp-json\/wp\/v2\/types\/page"}],"author":[{"embeddable":true,"href":"https:\/\/oleksandraryshniak24.thkit.ee\/wp1\/rus\/wp-json\/wp\/v2\/users\/1"}],"replies":[{"embeddable":true,"href":"https:\/\/oleksandraryshniak24.thkit.ee\/wp1\/rus\/wp-json\/wp\/v2\/comments?post=1517"}],"version-history":[{"count":0,"href":"https:\/\/oleksandraryshniak24.thkit.ee\/wp1\/rus\/wp-json\/wp\/v2\/pages\/1517\/revisions"}],"wp:attachment":[{"href":"https:\/\/oleksandraryshniak24.thkit.ee\/wp1\/rus\/wp-json\/wp\/v2\/media?parent=1517"}],"curies":[{"name":"wp","href":"https:\/\/api.w.org\/{rel}","templated":true}]}}