{"id":822,"date":"2025-05-08T15:42:53","date_gmt":"2025-05-08T12:42:53","guid":{"rendered":"https:\/\/com47276.wordpress.com\/?page_id=822"},"modified":"2025-05-08T15:42:53","modified_gmt":"2025-05-08T12:42:53","slug":"praktika-7-mootor-ja-kaugusemootmise-andur","status":"publish","type":"page","link":"https:\/\/oleksandraryshniak24.thkit.ee\/wp1\/rus\/praktika-7-mootor-ja-kaugusemootmise-andur\/","title":{"rendered":"Praktika 7 Mootor ja kaugusem\u00f5\u00f5tmise andur"},"content":{"rendered":"\n<h2 class=\"wp-block-heading\">Praktika 7 Mootor ja kaugusem\u00f5\u00f5tmise andur<\/h2>\n\n\n\n<h3 class=\"wp-block-heading\">Katse 7.1 &#171;Mootori kasutamine&#187;<\/h3>\n\n\n\n<h4 class=\"wp-block-heading\">Komponendid:<\/h4>\n\n\n\n<p>L293D &#8212; 1<br>Mootor &#8212; 1<br>Arendusplaat &#8212; 1<br>Emaplaat &#8212; 1<br>Nupp &#8212; 1<br>Taikisti &#8212; 1 (220 Om)<br>Juhe &#8212; 18<br>Patarei &#8212; 1<\/p>\n\n\n\n<h4 class=\"wp-block-heading\">Skeem:<\/h4>\n\n\n\n<figure class=\"wp-block-image size-large\"><img decoding=\"async\" src=\"https:\/\/oleksandraryshniak24.thkit.ee\/wp1\/rus\/wp-content\/uploads\/2025\/05\/image-24-1.png?w=774\" alt=\"\" class=\"wp-image-957\" \/><\/figure>\n\n\n\n<h4 class=\"wp-block-heading\">Kood:<\/h4>\n\n\n<div class=\"wp-block-syntaxhighlighter-code \"><pre class=\"brush: cpp; title: ; notranslate\" title=\"\">\nint switchPin = 2; \/\/ l\u00fcliti 1 \n\nint motor1Pin1 = 3; \/\/ viik 2 (L293D) \n\nint motor1Pin2 = 4; \/\/ viik 7 (L293D) \n\nint enablePin = 9; \/\/ viik 1(L293D) \n\n void setup() { \n\n \/\/ sisendid \n\n pinMode(switchPin, INPUT);\n\n \/\/v\u00e4ljundid \n\n pinMode(motor1Pin1, OUTPUT); \n\n pinMode(motor1Pin2, OUTPUT); \n\n pinMode(enablePin, OUTPUT); \n\n \/\/ aktiveeri mootor1 \n\n digitalWrite(enablePin, HIGH); \n\n} \n\n void loop() { \n\n \/\/ kui l\u00fcliti on HIGH, siis liiguta mootorit \u00fches suunas: \n\n if (digitalRead(switchPin) == HIGH) \n\n{ \n\n digitalWrite(motor1Pin1, LOW); \/\/ viik 2 (L293D) LOW \n\n digitalWrite(motor1Pin2, HIGH); \/\/ viik 7 (L293D) HIGH \n\n } \n\n \/\/ kui l\u00fcliti on LOW, siis liiguta mootorit teises suunas: \n\n else\n\n { digitalWrite(motor1Pin1, HIGH); \/\/ viik 2 (L293D) HIGH \n\n digitalWrite(motor1Pin2, LOW); \/\/ viik 7 (L293D) LOW \n\n } \n\n} \n<\/pre><\/div>\n\n\n<h3 class=\"wp-block-heading\">Katse 7.2 &#171;Kauguse m\u00f5\u00f5tmise anduri kasutamine&#187;<\/h3>\n\n\n\n<p>Komponendid:<\/p>\n\n\n\n<p>HC-SR04 &#8212; 1<br>Juhe &#8212; 4<\/p>\n\n\n\n<p>Skeem:<\/p>\n\n\n\n<figure class=\"wp-block-image size-large\"><img decoding=\"async\" src=\"https:\/\/oleksandraryshniak24.thkit.ee\/wp1\/rus\/wp-content\/uploads\/2025\/05\/image-25-1.png?w=544\" alt=\"\" class=\"wp-image-963\" \/><\/figure>\n\n\n\n<p>Kood:<\/p>\n\n\n<div class=\"wp-block-syntaxhighlighter-code \"><pre class=\"brush: plain; title: ; notranslate\" title=\"\">\n#define ECHO_PIN 8\n\n#define TRIG_PIN 7\n\nvoid setup() {\n\n  pinMode(ECHO_PIN, INPUT);\n\n  pinMode(TRIG_PIN, OUTPUT);\n\n  Serial.begin(960);\n\n}\n\nvoid loop() {\n\n  Serial.println(measure()); \n\n}\n\nint measure()\n\n{\n\n  digitalWrite(TRIG_PIN,HIGH);\n\n  digitalWrite(TRIG_PIN,LOW);\n\n  int distance=pulseIn(ECHO_PIN, HIGH,15000)\/50;\n\n  return constrain(distance,1,300);\n\n}\n ------------------------------------------------------------------------------------------------------------\n\n#define ECHO_PIN 8\n\n#define TRIG_PIN 7\n\nvoid setup() {\n\n\u00a0 pinMode(ECHO_PIN, INPUT);\n\n\u00a0 pinMode(TRIG_PIN, OUTPUT);\n\n\u00a0 Serial.begin(9600);\n\n}\n\nvoid loop() {\n\n\u00a0 digitalWrite(TRIG_PIN,HIGH);\n\n\u00a0 digitalWrite(TRIG_PIN,LOW);\n\n\u00a0 int distance=pulseIn(ECHO_PIN, HIGH)\/50;\n\n\u00a0 Serial.println(distance);\n\n}\n<\/pre><\/div>\n\n\n<h3 class=\"wp-block-heading\">7.3 Katse &#171;Lihtne parkimiss\u00fcsteem&#187;<\/h3>\n\n\n\n<h4 class=\"wp-block-heading\">Komponendid:<\/h4>\n\n\n\n<p>Mootor &#8212; 1<br>LED &#8212; 1<br>Emaplaat &#8212; 1<br>Buzzer &#8212; 1<br>Juhe &#8212; 10<br>Taikisti &#8212; 2 (220 Om)<\/p>\n\n\n\n<h4 class=\"wp-block-heading\">Skeem:<br><\/h4>\n\n\n\n<figure class=\"wp-block-image size-large\"><img loading=\"lazy\" decoding=\"async\" width=\"526\" height=\"669\" src=\"https:\/\/oleksandraryshniak24.thkit.ee\/wp1\/rus\/wp-content\/uploads\/sites\/2\/2025\/05\/image-26.png?w=526\" alt=\"\" class=\"wp-image-967\" srcset=\"https:\/\/oleksandraryshniak24.thkit.ee\/wp1\/rus\/wp-content\/uploads\/sites\/2\/2025\/05\/image-26.png 526w, https:\/\/oleksandraryshniak24.thkit.ee\/wp1\/rus\/wp-content\/uploads\/sites\/2\/2025\/05\/image-26-236x300.png 236w, https:\/\/oleksandraryshniak24.thkit.ee\/wp1\/rus\/wp-content\/uploads\/sites\/2\/2025\/05\/image-26-118x150.png 118w\" sizes=\"auto, (max-width: 526px) 100vw, 526px\" \/><\/figure>\n\n\n\n<h4 class=\"wp-block-heading\">Kood:<\/h4>\n\n\n<div class=\"wp-block-syntaxhighlighter-code \"><pre class=\"brush: cpp; title: ; notranslate\" title=\"\">\n#define ECHO_PIN 7\n#define TRIG_PIN 8\nint motorPin1=3;\nint distance=1;\nint LedPin=13;\nint duration;\nconst int buzzerPin = 9;\nvoid setup() {\n  pinMode(ECHO_PIN, INPUT);\n  pinMode(TRIG_PIN, OUTPUT);\n  pinMode(motorPin1,OUTPUT);\n  pinMode(LedPin,OUTPUT);\n  pinMode(buzzerPin, OUTPUT);\n  Serial.begin(9600);\n}\nvoid loop() {\n  digitalWrite(TRIG_PIN,LOW);\n  delay(200);\n  digitalWrite(TRIG_PIN,HIGH);\n  delay(200);\n  digitalWrite(TRIG_PIN,LOW);\n  duration = pulseIn(ECHO_PIN, HIGH);\n  distance=duration\/58;\n  Serial.println(distance);\n  if (distance&gt;50)\n  {\n      analogWrite(motorPin1,100);\n      digitalWrite(LedPin,0);\n    noTone(buzzerPin);     \n      delay(1000);}  \n  else\n  {\n    analogWrite(motorPin1,0);\n      digitalWrite(LedPin,250);\n       tone(buzzerPin, 1000);\n  }\n}\n<\/pre><\/div>\n\n\n<h3 class=\"wp-block-heading\">Katse 7.4 &#171;Mootiri k\u00e4ivitamine L298N draiveriga&#187;<\/h3>\n\n\n\n<h4 class=\"wp-block-heading\">Komponendid:<\/h4>\n\n\n\n<p>L298N &#8212; 1<br>Emaplaat &#8212; 1<br>Patarei &#8212; 1<br>Mootor &#8212; 1<br>Juhe &#8212; 12<\/p>\n\n\n\n<h4 class=\"wp-block-heading\">Skeem:<\/h4>\n\n\n\n<figure class=\"wp-block-image size-large\"><img loading=\"lazy\" decoding=\"async\" width=\"624\" height=\"499\" src=\"https:\/\/oleksandraryshniak24.thkit.ee\/wp1\/rus\/wp-content\/uploads\/sites\/2\/2025\/05\/image-28.png?w=624\" alt=\"\" class=\"wp-image-973\" srcset=\"https:\/\/oleksandraryshniak24.thkit.ee\/wp1\/rus\/wp-content\/uploads\/sites\/2\/2025\/05\/image-28.png 624w, https:\/\/oleksandraryshniak24.thkit.ee\/wp1\/rus\/wp-content\/uploads\/sites\/2\/2025\/05\/image-28-300x240.png 300w, https:\/\/oleksandraryshniak24.thkit.ee\/wp1\/rus\/wp-content\/uploads\/sites\/2\/2025\/05\/image-28-150x120.png 150w\" sizes=\"auto, (max-width: 624px) 100vw, 624px\" \/><\/figure>\n\n\n\n<figure class=\"wp-block-image size-large\"><img decoding=\"async\" src=\"https:\/\/oleksandraryshniak24.thkit.ee\/wp1\/rus\/wp-content\/uploads\/sites\/2\/2025\/05\/image-29.png?w=657\" alt=\"\" class=\"wp-image-974\" \/><\/figure>\n\n\n\n<figure class=\"wp-block-image size-large\"><img decoding=\"async\" src=\"https:\/\/oleksandraryshniak24.thkit.ee\/wp1\/rus\/wp-content\/uploads\/2025\/05\/image-30-1.png?w=790\" alt=\"\" class=\"wp-image-976\" \/><\/figure>\n\n\n\n<h4 class=\"wp-block-heading\">Kood:<\/h4>\n\n\n<div class=\"wp-block-syntaxhighlighter-code \"><pre class=\"brush: cpp; title: ; notranslate\" title=\"\">\nint IN3 = 5; \/\/ Input3 \u043f\u043e\u0434\u043a\u043b\u044e\u0447\u0435\u043d \u043a \u0432\u044b\u0432\u043e\u0434\u0443 5\nint IN4 = 4;\n\nvoid setup()\n{\npinMode (IN4, OUTPUT);\npinMode (IN3, OUTPUT);\n}\nvoid loop()\n{\n\/\/ \u041d\u0430 \u043f\u0430\u0440\u0443 \u0432\u044b\u0432\u043e\u0434\u043e\u0432 &quot;IN&quot; \u043f\u043e\u0434\u0430\u043d\u044b \u0440\u0430\u0437\u043d\u043e\u0438\u043c\u0435\u043d\u043d\u044b\u0435 \u0441\u0438\u0433\u043d\u0430\u043b\u044b, \u043c\u043e\u0442\u043e\u0440 \u0432\u0440\u0430\u0449\u0430\u0435\u0442\u0441\u044f\ndigitalWrite (IN4, HIGH);\ndigitalWrite (IN3, LOW);\ndelay(4000);\n\/\/ \u041d\u0430 \u043f\u0430\u0440\u0443 \u0432\u044b\u0432\u043e\u0434\u043e\u0432 &quot;IN&quot; \u043f\u043e\u0434\u0430\u043d\u044b \u043e\u0434\u043d\u043e\u0438\u043c\u0435\u043d\u043d\u044b\u0435 \u0441\u0438\u0433\u043d\u0430\u043b\u044b, \u043c\u043e\u0442\u043e\u0440 \u043d\u0435 \u0432\u0440\u0430\u0449\u0430\u0435\u0442\u0441\u044f\ndigitalWrite (IN4, LOW);\ndelay(500);\n\/\/ \u041d\u0430 \u043f\u0430\u0440\u0443 \u0432\u044b\u0432\u043e\u0434\u043e\u0432 &quot;IN&quot; \u043f\u043e\u0434\u0430\u043d\u044b \u0440\u0430\u0437\u043d\u043e\u0438\u043c\u0435\u043d\u043d\u044b\u0435 (\u0438 \u0443\u0436\u0435 \u043f\u0440\u043e\u0442\u0438\u0432\u043e\u043f\u043e\u043b\u043e\u0436\u043d\u044b\u0435 \u043e\u0442\u043d\u043e\u0441\u0438\u0442\u0435\u043b\u044c\u043d\u043e \u043f\u0435\u0440\u0432\u043e\u0433\u043e \u0441\u043b\u0443\u0447\u0430\u044f) \u0441\u0438\u0433\u043d\u0430\u043b\u044b, \u043c\u043e\u0442\u043e\u0440 \u0432\u0440\u0430\u0449\u0430\u0435\u0442\u0441\u044f\n\/\/ \u043e\u0442\u043d\u043e\u0441\u0438\u0442\u0435\u043b\u044c\u043d\u043e \u043f\u0435\u0440\u0432\u043e\u0433\u043e \u0441\u043b\u0443\u0447\u0430\u044f) \u0441\u0438\u0433\u043d\u0430\u043b\u044b, \u043c\u043e\u0442\u043e\u0440 \u0432\u0440\u0430\u0449\u0430\u0435\u0442\u0441\u044f \u0432 \u0434\u0440\u0443\u0433\u0443\u044e \u0441\u0442\u043e\u0440\u043e\u043d\u0443\ndigitalWrite (IN3, HIGH);\ndelay(4000);\n\/\/ \u0421\u043d\u043e\u0432\u0430 \u043d\u0430 \u0432\u044b\u0432\u043e\u0434\u0430\u0445 &quot;IN&quot; \u043f\u043e\u044f\u0432\u0438\u043b\u0438\u0441\u044c \u043e\u0434\u043d\u043e\u0438\u043c\u0435\u043d\u043d\u044b\u0435 \u0441\u0438\u0433\u043d\u0430\u043b\u044b, \u043c\u043e\u0442\u043e\u0440 \u043d\u0435 \u0432\u0440\u0430\u0449\u0430\u0435\u0442\u0441\u044f\ndigitalWrite (IN3, LOW);\ndelay(5000);\n}\n-------------------------------------------------------------------------------------------------------------\nint IN3 = 5; \/\/ Input3 \u043f\u043e\u0434\u043a\u043b\u044e\u0447\u0435\u043d \u043a \u0432\u044b\u0432\u043e\u0434\u0443 5 \nint IN4 = 4;\nint ENB = 3;\nvoid setup()\n{\n pinMode (ENB, OUTPUT); \n pinMode (IN3, OUTPUT);\n pinMode (IN4, OUTPUT);\n}\nvoid loop()\n{\n  \/\/ \u041d\u0430 \u043f\u0430\u0440\u0443 \u0432\u044b\u0432\u043e\u0434\u043e\u0432 &quot;IN&quot; \u043f\u043e\u0434\u0430\u043d\u044b \u0440\u0430\u0437\u043d\u043e\u0438\u043c\u0435\u043d\u043d\u044b\u0435 \u0441\u0438\u0433\u043d\u0430\u043b\u044b, \u043c\u043e\u0442\u043e\u0440 \u0433\u043e\u0442\u043e\u0432 \u043a \u0432\u0440\u0430\u0449\u0435\u043d\u0438\u044e\n  digitalWrite (IN3, HIGH);\n  digitalWrite (IN4, LOW);\n  \/\/ \u043f\u043e\u0434\u0430\u0435\u043c \u043d\u0430 \u0432\u044b\u0432\u043e\u0434 ENB \u0443\u043f\u0440\u0430\u0432\u043b\u044f\u044e\u0449\u0438\u0439 \u0428\u0418\u041c \u0441\u0438\u0433\u043d\u0430\u043b \n  analogWrite(ENB,55);\n  delay(2000);\n  analogWrite(ENB,105);\n  delay(2000);\n  analogWrite(ENB,255);\n  delay(2000);\n  \/\/ \u041e\u0441\u0442\u0430\u043d\u0430\u0432\u043b\u0438\u0432\u0430\u0435\u043c \u043c\u043e\u0442\u043e\u0440, \u043f\u043e\u0434\u0430\u0432 \u043d\u0430 \u0432\u044b\u0432\u043e\u0434 ENB \u0441\u0438\u0433\u043d\u0430\u043b \u043d\u0438\u0437\u043a\u043e\u0433\u043e \u0443\u0440\u043e\u0432\u043d\u044f. \n  \/\/ \u0421\u043e\u0441\u0442\u043e\u044f\u043d\u0438\u0435 \u0432\u044b\u0432\u043e\u0434\u043e\u0432 &quot;IN&quot; \u0440\u043e\u043b\u0438 \u043d\u0435 \u0438\u0433\u0440\u0430\u0435\u0442.\n  analogWrite(ENB,0);\n  delay(5000);\n}\n-------------------------------------------------------------------------------------------------------------\n\nint IN1 = 5; \/\/ Input1 \u043f\u043e\u0434\u043a\u043b\u044e\u0447\u0435\u043d \u043a \u0432\u044b\u0432\u043e\u0434\u0443 5 \nint IN2 = 4;\nint IN3 = 3;\nint IN4 = 2;\nint ENA = 9;\nint ENB = 3;\nint i;\nvoid setup()\n{\n  pinMode (EN1, OUTPUT);\n  pinMode (IN1, OUTPUT);\n  pinMode (IN2, OUTPUT);\n  pinMode (EN2, OUTPUT);\n  pinMode (IN4, OUTPUT);\n  pinMode (IN3, OUTPUT);\n}\nvoid loop()\n{\n  digitalWrite (IN2, HIGH);\n  digitalWrite (IN1, LOW); \n  digitalWrite (IN4, HIGH);\n  digitalWrite (IN3, LOW); \n  for (i = 50; i &lt;= 180; ++i)\n  {\n      analogWrite(EN1, i);\n      analogWrite(EN2, i);\n      delay(30);\n  }\n  analogWrite (EN1, 0);\n  analogWrite (EN2, 0);\n  delay(500);\n  digitalWrite (IN1, HIGH);\n  digitalWrite (IN2, LOW); \n  digitalWrite (IN3, HIGH);\n  digitalWrite (IN4, LOW);\n  for (i = 50; i &lt;= 180; ++i)\n  {\n      analogWrite(EN1, i);\n      analogWrite(EN2, i);\n      delay(30);\n  }\n  analogWrite (EN1, 0);\n  analogWrite (EN2, 0);\n  delay(8000);\n}\n\n<\/pre><\/div>","protected":false},"excerpt":{"rendered":"<p>Praktika 7 Mootor ja kaugusem\u00f5\u00f5tmise andur Katse 7.1 &#171;Mootori kasutamine&#187; Komponendid: L293D &#8212; 1Mootor &#8212; 1Arendusplaat &#8212; 1Emaplaat &#8212; 1Nupp [&hellip;]<\/p>\n","protected":false},"author":1,"featured_media":0,"parent":0,"menu_order":0,"comment_status":"closed","ping_status":"closed","template":"page-with-title","meta":{"footnotes":""},"class_list":["post-822","page","type-page","status-publish","hentry"],"yoast_head":"<!-- This site is optimized with the Yoast SEO plugin v27.4 - https:\/\/yoast.com\/product\/yoast-seo-wordpress\/ -->\n<title>Praktika 7 Mootor ja kaugusem\u00f5\u00f5tmise andur - Oleksandra Ryshniak Portfoolio<\/title>\n<meta name=\"robots\" content=\"index, follow, max-snippet:-1, max-image-preview:large, max-video-preview:-1\" \/>\n<link rel=\"canonical\" href=\"https:\/\/oleksandraryshniak24.thkit.ee\/wp1\/rus\/praktika-7-mootor-ja-kaugusemootmise-andur\/\" \/>\n<meta property=\"og:locale\" content=\"ru_RU\" \/>\n<meta property=\"og:type\" content=\"article\" \/>\n<meta property=\"og:title\" content=\"Praktika 7 Mootor ja kaugusem\u00f5\u00f5tmise andur - Oleksandra Ryshniak Portfoolio\" \/>\n<meta property=\"og:description\" content=\"Praktika 7 Mootor ja kaugusem\u00f5\u00f5tmise andur Katse 7.1 &#171;Mootori kasutamine&#187; Komponendid: L293D &#8212; 1Mootor &#8212; 1Arendusplaat &#8212; 1Emaplaat &#8212; 1Nupp [&hellip;]\" \/>\n<meta property=\"og:url\" content=\"https:\/\/oleksandraryshniak24.thkit.ee\/wp1\/rus\/praktika-7-mootor-ja-kaugusemootmise-andur\/\" \/>\n<meta property=\"og:site_name\" content=\"Oleksandra Ryshniak Portfoolio\" \/>\n<meta property=\"og:image\" content=\"https:\/\/oleksandraryshniak24.thkit.ee\/wp1\/rus\/wp-content\/uploads\/sites\/2\/2025\/05\/image-24.png\" \/>\n\t<meta property=\"og:image:width\" content=\"774\" \/>\n\t<meta property=\"og:image:height\" content=\"826\" \/>\n\t<meta property=\"og:image:type\" content=\"image\/png\" \/>\n<meta name=\"twitter:card\" content=\"summary_large_image\" \/>\n<meta name=\"twitter:label1\" content=\"\u041f\u0440\u0438\u043c\u0435\u0440\u043d\u043e\u0435 \u0432\u0440\u0435\u043c\u044f \u0434\u043b\u044f \u0447\u0442\u0435\u043d\u0438\u044f\" \/>\n\t<meta name=\"twitter:data1\" content=\"3 \u043c\u0438\u043d\u0443\u0442\u044b\" \/>\n<script type=\"application\/ld+json\" class=\"yoast-schema-graph\">{\"@context\":\"https:\\\/\\\/schema.org\",\"@graph\":[{\"@type\":\"WebPage\",\"@id\":\"https:\\\/\\\/oleksandraryshniak24.thkit.ee\\\/wp1\\\/rus\\\/praktika-7-mootor-ja-kaugusemootmise-andur\\\/\",\"url\":\"https:\\\/\\\/oleksandraryshniak24.thkit.ee\\\/wp1\\\/rus\\\/praktika-7-mootor-ja-kaugusemootmise-andur\\\/\",\"name\":\"Praktika 7 Mootor ja kaugusem\u00f5\u00f5tmise andur - Oleksandra Ryshniak Portfoolio\",\"isPartOf\":{\"@id\":\"https:\\\/\\\/oleksandraryshniak24.thkit.ee\\\/wp1\\\/rus\\\/#website\"},\"primaryImageOfPage\":{\"@id\":\"https:\\\/\\\/oleksandraryshniak24.thkit.ee\\\/wp1\\\/rus\\\/praktika-7-mootor-ja-kaugusemootmise-andur\\\/#primaryimage\"},\"image\":{\"@id\":\"https:\\\/\\\/oleksandraryshniak24.thkit.ee\\\/wp1\\\/rus\\\/praktika-7-mootor-ja-kaugusemootmise-andur\\\/#primaryimage\"},\"thumbnailUrl\":\"https:\\\/\\\/oleksandraryshniak24.thkit.ee\\\/wp1\\\/rus\\\/wp-content\\\/uploads\\\/2025\\\/05\\\/image-24-1.png?w=774\",\"datePublished\":\"2025-05-08T12:42:53+00:00\",\"breadcrumb\":{\"@id\":\"https:\\\/\\\/oleksandraryshniak24.thkit.ee\\\/wp1\\\/rus\\\/praktika-7-mootor-ja-kaugusemootmise-andur\\\/#breadcrumb\"},\"inLanguage\":\"ru-RU\",\"potentialAction\":[{\"@type\":\"ReadAction\",\"target\":[\"https:\\\/\\\/oleksandraryshniak24.thkit.ee\\\/wp1\\\/rus\\\/praktika-7-mootor-ja-kaugusemootmise-andur\\\/\"]}]},{\"@type\":\"ImageObject\",\"inLanguage\":\"ru-RU\",\"@id\":\"https:\\\/\\\/oleksandraryshniak24.thkit.ee\\\/wp1\\\/rus\\\/praktika-7-mootor-ja-kaugusemootmise-andur\\\/#primaryimage\",\"url\":\"https:\\\/\\\/oleksandraryshniak24.thkit.ee\\\/wp1\\\/rus\\\/wp-content\\\/uploads\\\/sites\\\/2\\\/2025\\\/05\\\/image-24.png\",\"contentUrl\":\"https:\\\/\\\/oleksandraryshniak24.thkit.ee\\\/wp1\\\/rus\\\/wp-content\\\/uploads\\\/sites\\\/2\\\/2025\\\/05\\\/image-24.png\",\"width\":774,\"height\":826},{\"@type\":\"BreadcrumbList\",\"@id\":\"https:\\\/\\\/oleksandraryshniak24.thkit.ee\\\/wp1\\\/rus\\\/praktika-7-mootor-ja-kaugusemootmise-andur\\\/#breadcrumb\",\"itemListElement\":[{\"@type\":\"ListItem\",\"position\":1,\"name\":\"Home\",\"item\":\"https:\\\/\\\/oleksandraryshniak24.thkit.ee\\\/wp1\\\/rus\\\/\"},{\"@type\":\"ListItem\",\"position\":2,\"name\":\"Praktika 7 Mootor ja kaugusem\u00f5\u00f5tmise andur\"}]},{\"@type\":\"WebSite\",\"@id\":\"https:\\\/\\\/oleksandraryshniak24.thkit.ee\\\/wp1\\\/rus\\\/#website\",\"url\":\"https:\\\/\\\/oleksandraryshniak24.thkit.ee\\\/wp1\\\/rus\\\/\",\"name\":\"Oleksandra Ryshniak Portfoolio\",\"description\":\"\",\"potentialAction\":[{\"@type\":\"SearchAction\",\"target\":{\"@type\":\"EntryPoint\",\"urlTemplate\":\"https:\\\/\\\/oleksandraryshniak24.thkit.ee\\\/wp1\\\/rus\\\/?s={search_term_string}\"},\"query-input\":{\"@type\":\"PropertyValueSpecification\",\"valueRequired\":true,\"valueName\":\"search_term_string\"}}],\"inLanguage\":\"ru-RU\"}]}<\/script>\n<!-- \/ Yoast SEO plugin. -->","yoast_head_json":{"title":"Praktika 7 Mootor ja kaugusem\u00f5\u00f5tmise andur - Oleksandra Ryshniak Portfoolio","robots":{"index":"index","follow":"follow","max-snippet":"max-snippet:-1","max-image-preview":"max-image-preview:large","max-video-preview":"max-video-preview:-1"},"canonical":"https:\/\/oleksandraryshniak24.thkit.ee\/wp1\/rus\/praktika-7-mootor-ja-kaugusemootmise-andur\/","og_locale":"ru_RU","og_type":"article","og_title":"Praktika 7 Mootor ja kaugusem\u00f5\u00f5tmise andur - Oleksandra Ryshniak Portfoolio","og_description":"Praktika 7 Mootor ja kaugusem\u00f5\u00f5tmise andur Katse 7.1 &#171;Mootori kasutamine&#187; Komponendid: L293D &#8212; 1Mootor &#8212; 1Arendusplaat &#8212; 1Emaplaat &#8212; 1Nupp [&hellip;]","og_url":"https:\/\/oleksandraryshniak24.thkit.ee\/wp1\/rus\/praktika-7-mootor-ja-kaugusemootmise-andur\/","og_site_name":"Oleksandra Ryshniak Portfoolio","og_image":[{"width":774,"height":826,"url":"https:\/\/oleksandraryshniak24.thkit.ee\/wp1\/rus\/wp-content\/uploads\/sites\/2\/2025\/05\/image-24.png","type":"image\/png"}],"twitter_card":"summary_large_image","twitter_misc":{"\u041f\u0440\u0438\u043c\u0435\u0440\u043d\u043e\u0435 \u0432\u0440\u0435\u043c\u044f \u0434\u043b\u044f \u0447\u0442\u0435\u043d\u0438\u044f":"3 \u043c\u0438\u043d\u0443\u0442\u044b"},"schema":{"@context":"https:\/\/schema.org","@graph":[{"@type":"WebPage","@id":"https:\/\/oleksandraryshniak24.thkit.ee\/wp1\/rus\/praktika-7-mootor-ja-kaugusemootmise-andur\/","url":"https:\/\/oleksandraryshniak24.thkit.ee\/wp1\/rus\/praktika-7-mootor-ja-kaugusemootmise-andur\/","name":"Praktika 7 Mootor ja kaugusem\u00f5\u00f5tmise andur - Oleksandra Ryshniak Portfoolio","isPartOf":{"@id":"https:\/\/oleksandraryshniak24.thkit.ee\/wp1\/rus\/#website"},"primaryImageOfPage":{"@id":"https:\/\/oleksandraryshniak24.thkit.ee\/wp1\/rus\/praktika-7-mootor-ja-kaugusemootmise-andur\/#primaryimage"},"image":{"@id":"https:\/\/oleksandraryshniak24.thkit.ee\/wp1\/rus\/praktika-7-mootor-ja-kaugusemootmise-andur\/#primaryimage"},"thumbnailUrl":"https:\/\/oleksandraryshniak24.thkit.ee\/wp1\/rus\/wp-content\/uploads\/2025\/05\/image-24-1.png?w=774","datePublished":"2025-05-08T12:42:53+00:00","breadcrumb":{"@id":"https:\/\/oleksandraryshniak24.thkit.ee\/wp1\/rus\/praktika-7-mootor-ja-kaugusemootmise-andur\/#breadcrumb"},"inLanguage":"ru-RU","potentialAction":[{"@type":"ReadAction","target":["https:\/\/oleksandraryshniak24.thkit.ee\/wp1\/rus\/praktika-7-mootor-ja-kaugusemootmise-andur\/"]}]},{"@type":"ImageObject","inLanguage":"ru-RU","@id":"https:\/\/oleksandraryshniak24.thkit.ee\/wp1\/rus\/praktika-7-mootor-ja-kaugusemootmise-andur\/#primaryimage","url":"https:\/\/oleksandraryshniak24.thkit.ee\/wp1\/rus\/wp-content\/uploads\/sites\/2\/2025\/05\/image-24.png","contentUrl":"https:\/\/oleksandraryshniak24.thkit.ee\/wp1\/rus\/wp-content\/uploads\/sites\/2\/2025\/05\/image-24.png","width":774,"height":826},{"@type":"BreadcrumbList","@id":"https:\/\/oleksandraryshniak24.thkit.ee\/wp1\/rus\/praktika-7-mootor-ja-kaugusemootmise-andur\/#breadcrumb","itemListElement":[{"@type":"ListItem","position":1,"name":"Home","item":"https:\/\/oleksandraryshniak24.thkit.ee\/wp1\/rus\/"},{"@type":"ListItem","position":2,"name":"Praktika 7 Mootor ja kaugusem\u00f5\u00f5tmise andur"}]},{"@type":"WebSite","@id":"https:\/\/oleksandraryshniak24.thkit.ee\/wp1\/rus\/#website","url":"https:\/\/oleksandraryshniak24.thkit.ee\/wp1\/rus\/","name":"Oleksandra Ryshniak Portfoolio","description":"","potentialAction":[{"@type":"SearchAction","target":{"@type":"EntryPoint","urlTemplate":"https:\/\/oleksandraryshniak24.thkit.ee\/wp1\/rus\/?s={search_term_string}"},"query-input":{"@type":"PropertyValueSpecification","valueRequired":true,"valueName":"search_term_string"}}],"inLanguage":"ru-RU"}]}},"_links":{"self":[{"href":"https:\/\/oleksandraryshniak24.thkit.ee\/wp1\/rus\/wp-json\/wp\/v2\/pages\/822","targetHints":{"allow":["GET"]}}],"collection":[{"href":"https:\/\/oleksandraryshniak24.thkit.ee\/wp1\/rus\/wp-json\/wp\/v2\/pages"}],"about":[{"href":"https:\/\/oleksandraryshniak24.thkit.ee\/wp1\/rus\/wp-json\/wp\/v2\/types\/page"}],"author":[{"embeddable":true,"href":"https:\/\/oleksandraryshniak24.thkit.ee\/wp1\/rus\/wp-json\/wp\/v2\/users\/1"}],"replies":[{"embeddable":true,"href":"https:\/\/oleksandraryshniak24.thkit.ee\/wp1\/rus\/wp-json\/wp\/v2\/comments?post=822"}],"version-history":[{"count":0,"href":"https:\/\/oleksandraryshniak24.thkit.ee\/wp1\/rus\/wp-json\/wp\/v2\/pages\/822\/revisions"}],"wp:attachment":[{"href":"https:\/\/oleksandraryshniak24.thkit.ee\/wp1\/rus\/wp-json\/wp\/v2\/media?parent=822"}],"curies":[{"name":"wp","href":"https:\/\/api.w.org\/{rel}","templated":true}]}}