{"id":585,"date":"2025-03-21T12:47:43","date_gmt":"2025-03-21T10:47:43","guid":{"rendered":"https:\/\/com47276.wordpress.com\/?page_id=585"},"modified":"2025-11-13T12:46:03","modified_gmt":"2025-11-13T12:46:03","slug":"sonastik-2","status":"publish","type":"page","link":"https:\/\/oleksandraryshniak24.thkit.ee\/wp1\/sonastik-2\/","title":{"rendered":"S\u00f5nastik Robootika"},"content":{"rendered":"\n<h2 class=\"wp-block-heading\">S\u00f5nastik Robootika<\/h2>\n\n\n\n<p>\u0413\u043d\u0435\u0437\u0434\u043e\/\u043f\u0438\u043d &#8211; <strong>pesa<\/strong><\/p>\n\n\n\n<p>\u0414\u0430\u0442\u0447\u0438\u043a &#8211; <strong>andur<\/strong><\/p>\n\n\n\n<p>\u041f\u0430\u043c\u044f\u0442\u044c &#8211;<strong> M\u00e4lu<\/strong><\/p>\n\n\n\n<p>\u041a\u043d\u043e\u043f\u043a\u0430 &#8211;<strong> Nupp<\/strong><\/p>\n\n\n\n<p><strong>Elektriahi<\/strong> &#8211; \u042d\u043b\u0435\u043a\u0442\u0440\u0438\u0447\u0435\u0441\u043a\u0430\u044f \u0446\u0435\u043f\u044c<\/p>\n\n\n\n<p>\u0422\u043e\u043a- <strong>vool<\/strong><\/p>\n\n\n\n<p>\u0414\u0438\u0433\u0438\u0442\u0430\u043b\u044c\u043d\u044b\u0439-<strong> digitaalne<\/strong><\/p>\n\n\n\n<p>\u0420\u0435\u0437\u0438\u0441\u0442\u043e\u0440 &#8211;<strong> takisti<\/strong><\/p>\n\n\n\n<p>\u041f\u0435\u0440\u0435\u0437\u0430\u0433\u0440\u0443\u0437\u043a\u0430 &#8211; <strong>taask\u00e4ivitus<\/strong><\/p>\n\n\n\n<p>\u043c\u043e\u0442\u043e\u0440 &#8211; <strong>mootor<\/strong><\/p>\n","protected":false},"excerpt":{"rendered":"<p>S\u00f5nastik Robootika \u0413\u043d\u0435\u0437\u0434\u043e\/\u043f\u0438\u043d &#8211; pesa \u0414\u0430\u0442\u0447\u0438\u043a &#8211; andur \u041f\u0430\u043c\u044f\u0442\u044c &#8211; M\u00e4lu \u041a\u043d\u043e\u043f\u043a\u0430 &#8211; Nupp Elektriahi &#8211; \u042d\u043b\u0435\u043a\u0442\u0440\u0438\u0447\u0435\u0441\u043a\u0430\u044f \u0446\u0435\u043f\u044c \u0422\u043e\u043a- vool [&hellip;]<\/p>\n","protected":false},"author":1,"featured_media":0,"parent":0,"menu_order":0,"comment_status":"closed","ping_status":"closed","template":"","meta":{"footnotes":""},"class_list":["post-585","page","type-page","status-publish","hentry"],"yoast_head":"<!-- This site is optimized with the Yoast SEO plugin v27.4 - https:\/\/yoast.com\/product\/yoast-seo-wordpress\/ -->\n<title>S\u00f5nastik Robootika - Oleksandra Ryshniak Portfolio<\/title>\n<meta name=\"description\" content=\"Robotitehnika s\u00f5nastik aitab m\u00f5ista p\u00f5him\u00f5isteid, mida kasutatakse robotite ehitamisel ja programmeerimisel.\" \/>\n<meta name=\"robots\" content=\"index, follow, max-snippet:-1, max-image-preview:large, max-video-preview:-1\" \/>\n<link rel=\"canonical\" href=\"https:\/\/oleksandraryshniak24.thkit.ee\/wp1\/sonastik-2\/\" \/>\n<meta property=\"og:locale\" content=\"et_EE\" \/>\n<meta property=\"og:type\" content=\"article\" \/>\n<meta property=\"og:title\" content=\"S\u00f5nastik Robootika - Oleksandra Ryshniak Portfolio\" \/>\n<meta property=\"og:description\" content=\"Robotitehnika s\u00f5nastik aitab m\u00f5ista p\u00f5him\u00f5isteid, mida kasutatakse robotite ehitamisel ja programmeerimisel.\" \/>\n<meta property=\"og:url\" content=\"https:\/\/oleksandraryshniak24.thkit.ee\/wp1\/sonastik-2\/\" \/>\n<meta property=\"og:site_name\" content=\"Oleksandra Ryshniak Portfolio\" \/>\n<meta property=\"article:modified_time\" content=\"2025-11-13T12:46:03+00:00\" \/>\n<meta name=\"twitter:card\" content=\"summary_large_image\" \/>\n<meta name=\"twitter:label1\" content=\"Est. reading time\" \/>\n\t<meta name=\"twitter:data1\" content=\"1 minut\" \/>\n<script type=\"application\/ld+json\" class=\"yoast-schema-graph\">{\"@context\":\"https:\\\/\\\/schema.org\",\"@graph\":[{\"@type\":\"WebPage\",\"@id\":\"https:\\\/\\\/oleksandraryshniak24.thkit.ee\\\/wp1\\\/sonastik-2\\\/\",\"url\":\"https:\\\/\\\/oleksandraryshniak24.thkit.ee\\\/wp1\\\/sonastik-2\\\/\",\"name\":\"S\u00f5nastik Robootika - Oleksandra Ryshniak Portfolio\",\"isPartOf\":{\"@id\":\"https:\\\/\\\/oleksandraryshniak24.thkit.ee\\\/wp1\\\/#website\"},\"datePublished\":\"2025-03-21T10:47:43+00:00\",\"dateModified\":\"2025-11-13T12:46:03+00:00\",\"description\":\"Robotitehnika s\u00f5nastik aitab m\u00f5ista p\u00f5him\u00f5isteid, mida kasutatakse robotite ehitamisel ja programmeerimisel.\",\"breadcrumb\":{\"@id\":\"https:\\\/\\\/oleksandraryshniak24.thkit.ee\\\/wp1\\\/sonastik-2\\\/#breadcrumb\"},\"inLanguage\":\"et\",\"potentialAction\":[{\"@type\":\"ReadAction\",\"target\":[\"https:\\\/\\\/oleksandraryshniak24.thkit.ee\\\/wp1\\\/sonastik-2\\\/\"]}]},{\"@type\":\"BreadcrumbList\",\"@id\":\"https:\\\/\\\/oleksandraryshniak24.thkit.ee\\\/wp1\\\/sonastik-2\\\/#breadcrumb\",\"itemListElement\":[{\"@type\":\"ListItem\",\"position\":1,\"name\":\"Home\",\"item\":\"https:\\\/\\\/oleksandraryshniak24.thkit.ee\\\/wp1\\\/\"},{\"@type\":\"ListItem\",\"position\":2,\"name\":\"S\u00f5nastik Robootika\"}]},{\"@type\":\"WebSite\",\"@id\":\"https:\\\/\\\/oleksandraryshniak24.thkit.ee\\\/wp1\\\/#website\",\"url\":\"https:\\\/\\\/oleksandraryshniak24.thkit.ee\\\/wp1\\\/\",\"name\":\"Oleksandra Ryshniak Portfolio\",\"description\":\"\u041f\u0440\u043e\u0441\u0442\u043e \u0435\u0449\u0435 \u043e\u0434\u0438\u043d WordPress \u0441\u0430\u0439\u0442\",\"potentialAction\":[{\"@type\":\"SearchAction\",\"target\":{\"@type\":\"EntryPoint\",\"urlTemplate\":\"https:\\\/\\\/oleksandraryshniak24.thkit.ee\\\/wp1\\\/?s={search_term_string}\"},\"query-input\":{\"@type\":\"PropertyValueSpecification\",\"valueRequired\":true,\"valueName\":\"search_term_string\"}}],\"inLanguage\":\"et\"}]}<\/script>\n<!-- \/ Yoast SEO plugin. -->","yoast_head_json":{"title":"S\u00f5nastik Robootika - Oleksandra Ryshniak Portfolio","description":"Robotitehnika s\u00f5nastik aitab m\u00f5ista p\u00f5him\u00f5isteid, mida kasutatakse robotite ehitamisel ja programmeerimisel.","robots":{"index":"index","follow":"follow","max-snippet":"max-snippet:-1","max-image-preview":"max-image-preview:large","max-video-preview":"max-video-preview:-1"},"canonical":"https:\/\/oleksandraryshniak24.thkit.ee\/wp1\/sonastik-2\/","og_locale":"et_EE","og_type":"article","og_title":"S\u00f5nastik Robootika - Oleksandra Ryshniak Portfolio","og_description":"Robotitehnika s\u00f5nastik aitab m\u00f5ista p\u00f5him\u00f5isteid, mida kasutatakse robotite ehitamisel ja programmeerimisel.","og_url":"https:\/\/oleksandraryshniak24.thkit.ee\/wp1\/sonastik-2\/","og_site_name":"Oleksandra Ryshniak Portfolio","article_modified_time":"2025-11-13T12:46:03+00:00","twitter_card":"summary_large_image","twitter_misc":{"Est. reading time":"1 minut"},"schema":{"@context":"https:\/\/schema.org","@graph":[{"@type":"WebPage","@id":"https:\/\/oleksandraryshniak24.thkit.ee\/wp1\/sonastik-2\/","url":"https:\/\/oleksandraryshniak24.thkit.ee\/wp1\/sonastik-2\/","name":"S\u00f5nastik Robootika - Oleksandra Ryshniak Portfolio","isPartOf":{"@id":"https:\/\/oleksandraryshniak24.thkit.ee\/wp1\/#website"},"datePublished":"2025-03-21T10:47:43+00:00","dateModified":"2025-11-13T12:46:03+00:00","description":"Robotitehnika s\u00f5nastik aitab m\u00f5ista p\u00f5him\u00f5isteid, mida kasutatakse robotite ehitamisel ja programmeerimisel.","breadcrumb":{"@id":"https:\/\/oleksandraryshniak24.thkit.ee\/wp1\/sonastik-2\/#breadcrumb"},"inLanguage":"et","potentialAction":[{"@type":"ReadAction","target":["https:\/\/oleksandraryshniak24.thkit.ee\/wp1\/sonastik-2\/"]}]},{"@type":"BreadcrumbList","@id":"https:\/\/oleksandraryshniak24.thkit.ee\/wp1\/sonastik-2\/#breadcrumb","itemListElement":[{"@type":"ListItem","position":1,"name":"Home","item":"https:\/\/oleksandraryshniak24.thkit.ee\/wp1\/"},{"@type":"ListItem","position":2,"name":"S\u00f5nastik Robootika"}]},{"@type":"WebSite","@id":"https:\/\/oleksandraryshniak24.thkit.ee\/wp1\/#website","url":"https:\/\/oleksandraryshniak24.thkit.ee\/wp1\/","name":"Oleksandra Ryshniak Portfolio","description":"\u041f\u0440\u043e\u0441\u0442\u043e \u0435\u0449\u0435 \u043e\u0434\u0438\u043d WordPress \u0441\u0430\u0439\u0442","potentialAction":[{"@type":"SearchAction","target":{"@type":"EntryPoint","urlTemplate":"https:\/\/oleksandraryshniak24.thkit.ee\/wp1\/?s={search_term_string}"},"query-input":{"@type":"PropertyValueSpecification","valueRequired":true,"valueName":"search_term_string"}}],"inLanguage":"et"}]}},"_links":{"self":[{"href":"https:\/\/oleksandraryshniak24.thkit.ee\/wp1\/wp-json\/wp\/v2\/pages\/585","targetHints":{"allow":["GET"]}}],"collection":[{"href":"https:\/\/oleksandraryshniak24.thkit.ee\/wp1\/wp-json\/wp\/v2\/pages"}],"about":[{"href":"https:\/\/oleksandraryshniak24.thkit.ee\/wp1\/wp-json\/wp\/v2\/types\/page"}],"author":[{"embeddable":true,"href":"https:\/\/oleksandraryshniak24.thkit.ee\/wp1\/wp-json\/wp\/v2\/users\/1"}],"replies":[{"embeddable":true,"href":"https:\/\/oleksandraryshniak24.thkit.ee\/wp1\/wp-json\/wp\/v2\/comments?post=585"}],"version-history":[{"count":2,"href":"https:\/\/oleksandraryshniak24.thkit.ee\/wp1\/wp-json\/wp\/v2\/pages\/585\/revisions"}],"predecessor-version":[{"id":1784,"href":"https:\/\/oleksandraryshniak24.thkit.ee\/wp1\/wp-json\/wp\/v2\/pages\/585\/revisions\/1784"}],"wp:attachment":[{"href":"https:\/\/oleksandraryshniak24.thkit.ee\/wp1\/wp-json\/wp\/v2\/media?parent=585"}],"curies":[{"name":"wp","href":"https:\/\/api.w.org\/{rel}","templated":true}]}}